000
CXUS53 KGRB 240643
CF6OSH
PRELIMINARY LOCAL CLIMATOLOGICAL DATA (WS FORM: F-6)

                                          STATION:   OSHKOSH WI
                                          MONTH:     APRIL
                                          YEAR:      2015
                                          LATITUDE:   44  0 N
                                          LONGITUDE:  88 34 W

  TEMPERATURE IN F:       :PCPN:    SNOW:  WIND      :SUNSHINE: SKY     :PK WND
================================================================================
1   2   3   4   5  6A  6B    7    8   9   10  11  12  13   14  15   16   17  18
                                     12Z  AVG MX 2MIN
DY MAX MIN AVG DEP HDD CDD  WTR  SNW DPTH SPD SPD DIR MIN PSBL S-S WX    SPD DR
================================================================================

 1  65  28  47   7  18   0 0.00  0.0    0 11.1 28 190   M    M   1        38 200
 2  65  49  57  17   8   0 0.05  0.0    0 11.1 24 190   M    M   2 1      32 310
 3  49  28  39  -1  26   0 0.00  0.0    0 10.0 20 360   M    M   4        23 350
 4  54  22  38  -3  27   0 0.01  0.0    0  9.7 28 300   M    M   4        37 290
 5  44  34  39  -2  26   0 0.26  0.0    0  9.0 18  40   M    M   8 18     21  50
 6  45  34  40  -2  25   0 0.00  0.0    0 13.9 22  40   M    M   4 8      28  30
 7  43  36  40  -2  25   0 0.62  0.0    0 14.3 23  40   M    M  10 1      31  50
 8  41  36  39  -4  26   0 0.09  0.0    0  9.8 15  60   M    M  10 1      20 100
 9  42  37  40  -3  25   0 1.13  0.0    0 11.5 23 100   M    M  10 123    28 110
10  49  35  42  -2  23   0    M    M    M 11.4 22 290   M    M   9 1      30 290
11  62  36  49   5  16   0 0.00  0.0    0  7.4 15 210   M    M   0        19 190
12  71  39  55  11  10   0 0.00  0.0    0 15.9 29 200   M    M   1        36 200
13  64  46  55  10  10   0 0.09  0.0    0 12.7 28 290   M    M   3 1      40 290
14  66  38  52   7  13   0 0.00  0.0    0  4.5 14 320   M    M   0        18 320
15  62  39  51   5  14   0 0.00  0.0    0  7.3 16 100   M    M   0        20  90
16  64  38  51   5  14   0 0.00  0.0    0  4.4 12 180   M    M   0        13 190
17  73  44  59  12   6   0 0.00  0.0    0  6.6 13 140   M    M   2        15  30
18  61  44  53   6  12   0 0.00  0.0    0 11.4 22  40   M    M   0        28  40
19  68  48  58  11   7   0 0.32  0.0    0 12.2 23 140   M    M   3 1      30 150
20  50  39  45  -3  20   0 0.47  0.0    0 12.9 25 290   M    M  10 1      34 300
21  44  33  39  -9  26   0    M    M    M 12.6 24 290   M    M  10 1      33 290
22  42  31  37 -11  28   0    M    M    M 13.4 23 290   M    M   9        31 290
23  51  30  41  -8  24   0 0.00  0.0    0  9.5 21 310   M    M   0        27 290
================================================================================
SM 1275  844       429   0  3.04     0.0 242.6          M      100
================================================================================
AV 55.4 36.7                              10.5 FASTST   M    M   4    MAX(MPH)
                                 MISC ---->  # 29 200               # 40  290
================================================================================
NOTES:
# LAST OF SEVERAL OCCURRENCES

COLUMN 17 PEAK WIND IN M.P.H.

PRELIMINARY LOCAL CLIMATOLOGICAL DATA (WS FORM: F-6) , PAGE 2

                                          STATION:  OSHKOSH WI
                                          MONTH:    APRIL
                                          YEAR:     2015
                                          LATITUDE:   44  0 N
                                          LONGITUDE:  88 34 W

[TEMPERATURE DATA]      [PRECIPITATION DATA]       SYMBOLS USED IN COLUMN 16

AVERAGE MONTHLY: 46.1   TOTAL FOR MONTH:   3.04    1 = FOG OR MIST
DPTR FM NORMAL:   1.7   DPTR FM NORMAL:    1.12    2 = FOG REDUCING VISIBILITY
HIGHEST:    73 ON 17    GRTST 24HR  1.13 ON  9- 9      TO 1/4 MILE OR LESS
LOWEST:     22 ON  4                               3 = THUNDER
                        SNOW, ICE PELLETS, HAIL    4 = ICE PELLETS
                        TOTAL MONTH:   0.0 INCH    5 = HAIL
                        GRTST 24HR     0.0         6 = FREEZING RAIN OR DRIZZLE
                        GRTST DEPTH:   0           7 = DUSTSTORM OR SANDSTORM:
                                                       VSBY 1/2 MILE OR LESS
                                                   8 = SMOKE OR HAZE
[NO. OF DAYS WITH]      [WEATHER - DAYS WITH]      9 = BLOWING SNOW
                                                   X = TORNADO
MAX 32 OR BELOW:   0    0.01 INCH OR MORE:   9
MAX 90 OR ABOVE:   0    0.10 INCH OR MORE:   5
MIN 32 OR BELOW:   5    0.50 INCH OR MORE:   2
MIN  0 OR BELOW:   0    1.00 INCH OR MORE:   1

[HDD (BASE 65) ]
TOTAL THIS MO.   429    CLEAR  (SCALE 0-3)  11
DPTR FM NORMAL   -45    PTCLDY (SCALE 4-7)   4
TOTAL FM JUL 1  7325    CLOUDY (SCALE 8-10)  8
DPTR FM NORMAL   308

[CDD (BASE 65) ]
TOTAL THIS MO.     0
DPTR FM NORMAL     0    [PRESSURE DATA]
TOTAL FM JAN 1     0    HIGHEST SLP M ON M
DPTR FM NORMAL     0    LOWEST  SLP 29.19 ON 20

[REMARKS]
