000
CXUS56 KSTO 191455
CF6SAC
PRELIMINARY LOCAL CLIMATOLOGICAL DATA (WS FORM: F-6)

                                          STATION:   SACRAMENTO EXEC. AIRPORT CA
                                          MONTH:     APRIL
                                          YEAR:      2015
                                          LATITUDE:   38 31 N
                                          LONGITUDE: 121 30 W

  TEMPERATURE IN F:       :PCPN:    SNOW:  WIND      :SUNSHINE: SKY     :PK WND
================================================================================
1   2   3   4   5  6A  6B    7    8   9   10  11  12  13   14  15   16   17  18
                                     12Z  AVG MX 2MIN
DY MAX MIN AVG DEP HDD CDD  WTR  SNW DPTH SPD SPD DIR MIN PSBL S-S WX    SPD DR
================================================================================

 1  71  45  58   2   7   0 0.00  0.0    0  7.9 16 310   M    M   0        22 310
 2  73  48  61   5   4   0 0.00  0.0    0 11.8 22 330   M    M   0        29 300
 3  77  37  57   1   8   0 0.00  0.0    0  4.0 13 230   M    M   0        17 230
 4  73  45  59   3   6   0 0.00  0.0    0  6.5 22 230   M    M   0        28 230
 5  61  42  52  -5  13   0 0.08    M    0  7.3 17 240   M    M   4 1      22 210
 6  65  37  51  -6  14   0 0.00  0.0    0  4.7 13 210   M    M   2        18 230
 7  58  47  53  -4  12   0 0.96    M    0  7.3 20 250   M    M   7 138X   25 260
 8  63  40  52  -5  13   0 0.00  0.0    0  3.5 13 290   M    M   3 1      15 330
 9  70  40  55  -2  10   0 0.00  0.0    0  2.3  9 290   M    M   0 1      13 300
10  74  43  59   2   6   0 0.00  0.0    0  2.2 12 240   M    M   0        14 230
11  77  46  62   4   3   0 0.00  0.0    0  3.9 14 220   M    M   0        21 350
12  82  50  66   8   0   1 0.00  0.0    0  5.4 12 280   M    M   0        15 290
13  74  47  61   3   4   0 0.00  0.0    0  9.0 23 230   M    M   0        32 210
14  70  42  56  -2   9   0 0.00  0.0    0 10.3 21 350   M    M   0        28 350
15  77  50  64   6   1   0 0.00  0.0    0 16.2 26 320   M    M   0 8      35 340
16  83  50  67   8   0   2 0.00  0.0    0  6.2 18  20   M    M   0        24  10
17  84  48  66   7   0   1 0.00  0.0    0  4.0 12 210   M    M   0        29 270
18  86  53  70  11   0   5 0.00  0.0    0  2.8  9 220   M    M   0        13 230
================================================================================
SM 1318  810       110   9  1.04     0.0 115.3          M       16
================================================================================
AV 73.2 45.0                               6.4 FASTST   M    M   1    MAX(MPH)
                                 MISC ---->  # 26 320               # 35  340
================================================================================
NOTES:
# LAST OF SEVERAL OCCURRENCES

COLUMN 17 PEAK WIND IN M.P.H.

PRELIMINARY LOCAL CLIMATOLOGICAL DATA (WS FORM: F-6) , PAGE 2

                                          STATION:  SACRAMENTO EXEC. AIRPORT CA
                                          MONTH:    APRIL
                                          YEAR:     2015
                                          LATITUDE:   38 31 N
                                          LONGITUDE: 121 30 W

[TEMPERATURE DATA]      [PRECIPITATION DATA]       SYMBOLS USED IN COLUMN 16

AVERAGE MONTHLY: 59.1   TOTAL FOR MONTH:   1.04    1 = FOG OR MIST
DPTR FM NORMAL:   1.7   DPTR FM NORMAL:    0.27    2 = FOG REDUCING VISIBILITY
HIGHEST:    86 ON 18    GRTST 24HR  0.96 ON  7- 7      TO 1/4 MILE OR LESS
LOWEST:     37 ON  6, 3                            3 = THUNDER
                        SNOW, ICE PELLETS, HAIL    4 = ICE PELLETS
                        TOTAL MONTH:   0.0 INCH    5 = HAIL
                        GRTST 24HR     0.0         6 = FREEZING RAIN OR DRIZZLE
                        GRTST DEPTH:   0           7 = DUSTSTORM OR SANDSTORM:
                                                       VSBY 1/2 MILE OR LESS
                                                   8 = SMOKE OR HAZE
[NO. OF DAYS WITH]      [WEATHER - DAYS WITH]      9 = BLOWING SNOW
                                                   X = TORNADO
MAX 32 OR BELOW:   0    0.01 INCH OR MORE:   2
MAX 90 OR ABOVE:   0    0.10 INCH OR MORE:   1
MIN 32 OR BELOW:   0    0.50 INCH OR MORE:   1
MIN  0 OR BELOW:   0    1.00 INCH OR MORE:   0

[HDD (BASE 65) ]
TOTAL THIS MO.   110    CLEAR  (SCALE 0-3)  16
DPTR FM NORMAL   -32    PTCLDY (SCALE 4-7)   2
TOTAL FM JUL 1  1571    CLOUDY (SCALE 8-10)  0
DPTR FM NORMAL  -904

[CDD (BASE 65) ]
TOTAL THIS MO.     9
DPTR FM NORMAL     9    [PRESSURE DATA]
TOTAL FM JAN 1    20    HIGHEST SLP M ON M
DPTR FM NORMAL    19    LOWEST  SLP 30.11 ON  7

[REMARKS]
