000
CXUS54 KHGX 011415
CF6SGR
PRELIMINARY LOCAL CLIMATOLOGICAL DATA (WS FORM: F-6)

                                          STATION:   SUGARLAND/HULL FLD
                                          MONTH:     MARCH
                                          YEAR:      2015
                                          LATITUDE:   29 37 N
                                          LONGITUDE:  95 39 W

  TEMPERATURE IN F:       :PCPN:    SNOW:  WIND      :SUNSHINE: SKY     :PK WND
================================================================================
1   2   3   4   5  6A  6B    7    8   9   10  11  12  13   14  15   16   17  18
                                     12Z  AVG MX 2MIN
DY MAX MIN AVG DEP HDD CDD  WTR  SNW DPTH SPD SPD DIR MIN PSBL S-S WX    SPD DR
================================================================================

 1  59  49  54  -5  11   0 0.13    M    0  8.1 13  10   M    M  10 1      20 330
 2  62  48  55  -4  10   0 0.01    M    0  6.2 15 350   M    M  10 18     18 350
 3  80  58  69  10   0   4 0.00  0.0    0  9.9 25 170   M    M   9 12     32 170
 4  82  41  62   3   3   0    T  0.0    0 13.9 25 330   M    M  10 1      36 330
 5  48  38  43 -17  22   0 0.56  0.0    0 17.4 30  10   M    M   6 13     39  20
 6  55  29  42 -18  23   0 0.00  0.0    0  5.6 20  40   M    M   0        23  40
 7  61  44  53  -7  12   0 0.00  0.0    0  4.1 10 150   M    M  10        13 140
 8  53  47  50 -10  15   0 1.20  0.0    0  6.9 13  80   M    M  10 1      18  80
 9  68  53  61   1   4   0 1.87  0.0    0  9.5 25 180   M    M  10 1      32 180
10  59  53  56  -5   9   0 0.00  0.0    0  8.0 13  40   M    M  10        16 320
11  61  54  58  -3   7   0 0.07  0.0    0 11.0 20  10   M    M  10 1      23  10
12  62  55  59  -2   6   0 0.05  0.0    M  8.9 16  10   M    M   8 1      20 340
13  67  57  62   1   3   0 0.07  0.0    0  6.3 15 260   M    M   7 1      18 290
14  77  53  65   4   0   0 0.00  0.0    0  6.5 15 350   M    M   1 12     19 340
15  72  52  62   0   3   0 0.00  0.0    0  4.8 13 360   M    M   3        15 340
16  75  55  65   3   0   0 0.00  0.0    0  6.0 10 140   M    M   6        13  80
17  81  58  70   8   0   5 0.00  0.0    0  3.3 12 130   M    M   5 12     13 130
18  80  63  72  10   0   7 0.20  0.0    0  5.6 14 290   M    M   7 1      18 300
19  80  63  72  10   0   7 0.00  0.0    0  7.0 16 140   M    M   7 1      20 180
20  82  66  74  11   0   9    T  0.0    0  6.5 18 160   M    M   9 1      20 150
21  68  64  66   3   0   1 1.15  0.0    0  7.2 15  70   M    M  10 12     19  80
22  74  58  66   3   0   1 0.00  0.0    0  7.3 16 330   M    M   7        21 300
23  80  52  66   3   0   1 0.00  0.0    0  5.5 13 160   M    M   0 1      17 170
24  78  54  66   3   0   1 0.00  0.0    0  7.2 15 150   M    M   2 1      19 150
25  79  56  68   4   0   3 0.00  0.0    0  7.5 20 140   M    M   4 12     23 160
26  68  54  61  -3   4   0 0.03  0.0    0 12.1 28 320   M    M   4 138    35 360
27  78  43  61  -3   4   0 0.00  0.0    0  5.6 16 290   M    M   0        22 310
28  81  48  65   1   0   0 0.00  0.0    0  8.8 22 200   M    M   0        33 210
29  81  55  68   4   0   3 0.00  0.0    0 11.6 24 180   M    M   3 1      32 180
30  82  58  70   5   0   5 0.00  0.0    0  8.6 18 170   M    M   3 12     23 170
31  83  61  72   7   0   7 0.00  0.0    0  9.4 17 180   M    M   4 12     24 190
================================================================================
SM 2216 1639       136  54  5.34     0.0 246.3          M      185
================================================================================
AV 71.5 52.9                               7.9 FASTST   M    M   6    MAX(MPH)
                                 MISC ---->  # 30  10               # 39   20
================================================================================
NOTES:
# LAST OF SEVERAL OCCURRENCES

COLUMN 17 PEAK WIND IN M.P.H.

PRELIMINARY LOCAL CLIMATOLOGICAL DATA (WS FORM: F-6) , PAGE 2

                                          STATION:  SUGARLAND/HULL FLD
                                          MONTH:    MARCH
                                          YEAR:     2015
                                          LATITUDE:   29 37 N
                                          LONGITUDE:  95 39 W

[TEMPERATURE DATA]      [PRECIPITATION DATA]       SYMBOLS USED IN COLUMN 16

AVERAGE MONTHLY: 62.2   TOTAL FOR MONTH:   5.34    1 = FOG OR MIST
DPTR FM NORMAL:   0.4   DPTR FM NORMAL:    2.09    2 = FOG REDUCING VISIBILITY
HIGHEST:    83 ON 31    GRTST 24HR  1.87 ON  9- 9      TO 1/4 MILE OR LESS
LOWEST:     29 ON  6                               3 = THUNDER
                        SNOW, ICE PELLETS, HAIL    4 = ICE PELLETS
                        TOTAL MONTH:   0.0 INCH    5 = HAIL
                        GRTST 24HR     0.0         6 = FREEZING RAIN OR DRIZZLE
                        GRTST DEPTH:   0           7 = DUSTSTORM OR SANDSTORM:
                                                       VSBY 1/2 MILE OR LESS
                                                   8 = SMOKE OR HAZE
[NO. OF DAYS WITH]      [WEATHER - DAYS WITH]      9 = BLOWING SNOW
                                                   X = TORNADO
MAX 32 OR BELOW:   0    0.01 INCH OR MORE:  11
MAX 90 OR ABOVE:   0    0.10 INCH OR MORE:   6
MIN 32 OR BELOW:   1    0.50 INCH OR MORE:   4
MIN  0 OR BELOW:   0    1.00 INCH OR MORE:   3

[HDD (BASE 65) ]
TOTAL THIS MO.   136    CLEAR  (SCALE 0-3)   9
DPTR FM NORMAL   -21    PTCLDY (SCALE 4-7)  11
TOTAL FM JUL 1  1373    CLOUDY (SCALE 8-10) 11
DPTR FM NORMAL    -6

[CDD (BASE 65) ]
TOTAL THIS MO.    54
DPTR FM NORMAL    -4    [PRESSURE DATA]
TOTAL FM JAN 1    63    HIGHEST SLP 30.62 ON  6
DPTR FM NORMAL   -26    LOWEST  SLP 29.80 ON  4

[REMARKS]
#FINAL-03-15#
