000
CXUS56 KMTR 171000
CF6SJC
PRELIMINARY LOCAL CLIMATOLOGICAL DATA (WS FORM: F-6)

                                          STATION:   SAN JOSE AIRPORT
                                          MONTH:     APRIL
                                          YEAR:      2015
                                          LATITUDE:   37 21 N
                                          LONGITUDE: 121 55 W

  TEMPERATURE IN F:       :PCPN:    SNOW:  WIND      :SUNSHINE: SKY     :PK WND
================================================================================
1   2   3   4   5  6A  6B    7    8   9   10  11  12  13   14  15   16   17  18
                                     12Z  AVG MX 2MIN
DY MAX MIN AVG DEP HDD CDD  WTR  SNW DPTH SPD SPD DIR MIN PSBL S-S WX    SPD DR
================================================================================

 1  65  47  56  -1   9   0 0.00  0.0    0  7.3 23 300   M    M   3        28 310
 2  70  44  57  -1   8   0 0.00  0.0    0  7.2 21 280   M    M   1        24 300
 3  73  44  59   1   6   0 0.00  0.0    0  7.0 22 320   M    M   0        26 320
 4  66  41  54  -4  11   0 0.00  0.0    0  7.8 24 310   M    M   3        30 310
 5  62  43  53  -5  12   0 0.00  0.0    0  8.1 18 310   M    M   5        24 260
 6  64  41  53  -5  12   0 0.00  0.0    0  8.1 18 160   M    M   6        23 160
 7   M   M   M   M   M   M    M    M    M   M   M   M   M    M   M         M  M
 8  64  48  56  -2   9   0 0.55    M    M  6.9 17 300   M    M   2        22 320
 9  70  44  57  -1   8   0 0.00  0.0    0  4.7 20 310   M    M   4        24 320
10  70  46  58   0   7   0 0.00  0.0    0  5.9 16 310   M    M   3        20 300
11  71  45  58   0   7   0 0.00  0.0    0  7.2 22 320   M    M   5        26 320
12  78  47  63   4   2   0 0.00  0.0    0  4.4 16 300   M    M   1        23 100
13  65  51  58  -1   7   0    T  0.0    0  9.4 22 320   M    M   4        28 320
14  66  47  57  -2   8   0 0.00  0.0    0 11.2 22 300   M    M   2        28 300
15  73  46  60   1   5   0 0.00  0.0    0  9.7 20 310   M    M   3 8      25 280
16  80  48  64   5   1   0 0.00  0.0    0  6.5 18 310   M    M   0        22 320
================================================================================
SM 1037  682       112   0  0.55     0.0 111.4          M       42
================================================================================
AV 69.1 45.5                               7.4 FASTST   M    M   3    MAX(MPH)
                                 MISC ---->  # 24 310               # 30  310
================================================================================
NOTES:
# LAST OF SEVERAL OCCURRENCES

COLUMN 17 PEAK WIND IN M.P.H.

PRELIMINARY LOCAL CLIMATOLOGICAL DATA (WS FORM: F-6) , PAGE 2

                                          STATION:  SAN JOSE AIRPORT
                                          MONTH:    APRIL
                                          YEAR:     2015
                                          LATITUDE:   37 21 N
                                          LONGITUDE: 121 55 W

[TEMPERATURE DATA]      [PRECIPITATION DATA]       SYMBOLS USED IN COLUMN 16

AVERAGE MONTHLY: 57.3   TOTAL FOR MONTH:   0.55    1 = FOG OR MIST
DPTR FM NORMAL:  -1.0   DPTR FM NORMAL:   -0.08    2 = FOG REDUCING VISIBILITY
HIGHEST:    80 ON 16    GRTST 24HR  0.55 ON  8- 8      TO 1/4 MILE OR LESS
LOWEST:     41 ON  6, 4                            3 = THUNDER
                        SNOW, ICE PELLETS, HAIL    4 = ICE PELLETS
                        TOTAL MONTH:   0.0 INCH    5 = HAIL
                        GRTST 24HR     0.0         6 = FREEZING RAIN OR DRIZZLE
                        GRTST DEPTH:   0           7 = DUSTSTORM OR SANDSTORM:
                                                       VSBY 1/2 MILE OR LESS
                                                   8 = SMOKE OR HAZE
[NO. OF DAYS WITH]      [WEATHER - DAYS WITH]      9 = BLOWING SNOW
                                                   X = TORNADO
MAX 32 OR BELOW:   0    0.01 INCH OR MORE:   1
MAX 90 OR ABOVE:   0    0.10 INCH OR MORE:   1
MIN 32 OR BELOW:   0    0.50 INCH OR MORE:   1
MIN  0 OR BELOW:   0    1.00 INCH OR MORE:   0

[HDD (BASE 65) ]
TOTAL THIS MO.   112    CLEAR  (SCALE 0-3)   9
DPTR FM NORMAL     0    PTCLDY (SCALE 4-7)   6
TOTAL FM JUL 1  1468    CLOUDY (SCALE 8-10)  0
DPTR FM NORMAL  -362

[CDD (BASE 65) ]
TOTAL THIS MO.     0
DPTR FM NORMAL    -1    [PRESSURE DATA]
TOTAL FM JAN 1    14    HIGHEST SLP M ON M
DPTR FM NORMAL     9    LOWEST  SLP 29.82 ON  6

[REMARKS]
