000
CXUS56 KMTR 271000
CF6SNS
PRELIMINARY LOCAL CLIMATOLOGICAL DATA (WS FORM: F-6)

                                          STATION:   SALINAS AIRPORT
                                          MONTH:     APRIL
                                          YEAR:      2015
                                          LATITUDE:   36 40 N
                                          LONGITUDE: 121 36 W

  TEMPERATURE IN F:       :PCPN:    SNOW:  WIND      :SUNSHINE: SKY     :PK WND
================================================================================
1   2   3   4   5  6A  6B    7    8   9   10  11  12  13   14  15   16   17  18
                                     12Z  AVG MX 2MIN
DY MAX MIN AVG DEP HDD CDD  WTR  SNW DPTH SPD SPD DIR MIN PSBL S-S WX    SPD DR
================================================================================

 1  67  48  58   2   7   0 0.00  0.0    0  8.4 20 260   M    M   0        26 240
 2  69  42  56   0   9   0 0.00  0.0    0  7.7 20 240   M    M   0        24 260
 3  70  42  56   0   9   0 0.00  0.0    0  6.9 18 240   M    M   0        22 240
 4  67  45  56   0   9   0 0.00  0.0    0  8.9 20 240   M    M   0 8      24 240
 5  66  43  55  -1  10   0    T    M    0  8.3 22 260   M    M   3        29 270
 6  65  42  54  -2  11   0 0.00  0.0    0  6.2 16 280   M    M   0        23 280
 7   M   M   M   M   M   M 0.34    M    M   M   M   M   M    M   M         M  M
 8  68  47  58   2   7   0    T    M    M  5.6 17 260   M    M   0        22 260
 9  72  45  59   3   6   0 0.00  0.0    0  6.2 20 250   M    M   0        24 270
10  70  43  57   1   8   0 0.00  0.0    0  6.2 16 260   M    M   0        21 260
11  72  43  58   2   7   0 0.00  0.0    0  7.1 17 260   M    M   0        21 220
12  78  47  63   7   2   0 0.00  0.0    0  6.2 17 280   M    M   0        21 270
13  63  50  57   1   8   0 0.00  0.0    0  7.1 18 270   M    M   6        23 280
14  70  49  60   4   5   0 0.00  0.0    0 10.5 23 240   M    M   2 8      28 250
15  75  43  59   2   6   0 0.00  0.0    0  6.1 20 240   M    M   0        24 240
16  84  46  65   8   0   0 0.00  0.0    0  6.0 20 260   M    M   0        23 260
17  82  50  66   9   0   1 0.00  0.0    0  9.3 18 280   M    M   1 8      24 260
18  70  49  60   3   5   0 0.00  0.0    0  6.5 17 260   M    M   6 18     22 290
19  67  52  60   3   5   0 0.00  0.0    0  6.6 16 280   M    M   7 8      21 300
20  62  54  58   1   7   0 0.00  0.0    0  7.1 16 290   M    M  10        21 270
21  63  55  59   2   6   0 0.00  0.0    0  7.5 20 250   M    M  10        25 260
22  63  53  58   1   7   0 0.02  0.0    0  8.0 16 260   M    M  10 18     21 260
23  61  53  57   0   8   0 0.00  0.0    0  9.4 18 260   M    M  10 8      23 270
24  66  55  61   3   4   0 0.00  0.0    0 11.5 23 240   M    M   4        28 240
25  63  53  58   0   7   0 0.28  0.0    0 13.4 22 250   M    M   6 1      28 240
26  67  51  59   1   6   0 0.00  0.0    0  9.8 17 270   M    M   0        22 250
================================================================================
SM 1720 1200       159   1  0.64     0.0 196.5          M       75
================================================================================
AV 68.8 48.0                               7.9 FASTST   M    M   3    MAX(MPH)
                                 MISC ---->  # 23 240               # 29  270
================================================================================
NOTES:
# LAST OF SEVERAL OCCURRENCES

COLUMN 17 PEAK WIND IN M.P.H.

PRELIMINARY LOCAL CLIMATOLOGICAL DATA (WS FORM: F-6) , PAGE 2

                                          STATION:  SALINAS AIRPORT
                                          MONTH:    APRIL
                                          YEAR:     2015
                                          LATITUDE:   36 40 N
                                          LONGITUDE: 121 36 W

[TEMPERATURE DATA]      [PRECIPITATION DATA]       SYMBOLS USED IN COLUMN 16

AVERAGE MONTHLY: 58.4   TOTAL FOR MONTH:   0.64    1 = FOG OR MIST
DPTR FM NORMAL:   1.8   DPTR FM NORMAL:   -0.21    2 = FOG REDUCING VISIBILITY
HIGHEST:    84 ON 16    GRTST 24HR  0.34 ON  7- 7      TO 1/4 MILE OR LESS
LOWEST:     42 ON  6, 3                            3 = THUNDER
                        SNOW, ICE PELLETS, HAIL    4 = ICE PELLETS
                        TOTAL MONTH:   0.0 INCH    5 = HAIL
                        GRTST 24HR     0.0         6 = FREEZING RAIN OR DRIZZLE
                        GRTST DEPTH:   0           7 = DUSTSTORM OR SANDSTORM:
                                                       VSBY 1/2 MILE OR LESS
                                                   8 = SMOKE OR HAZE
[NO. OF DAYS WITH]      [WEATHER - DAYS WITH]      9 = BLOWING SNOW
                                                   X = TORNADO
MAX 32 OR BELOW:   0    0.01 INCH OR MORE:   3
MAX 90 OR ABOVE:   0    0.10 INCH OR MORE:   2
MIN 32 OR BELOW:   0    0.50 INCH OR MORE:   0
MIN  0 OR BELOW:   0    1.00 INCH OR MORE:   0

[HDD (BASE 65) ]
TOTAL THIS MO.   159    CLEAR  (SCALE 0-3)  16
DPTR FM NORMAL   -67    PTCLDY (SCALE 4-7)   5
TOTAL FM JUL 1  1121    CLOUDY (SCALE 8-10)  4
DPTR FM NORMAL -1239

[CDD (BASE 65) ]
TOTAL THIS MO.     1
DPTR FM NORMAL     1    [PRESSURE DATA]
TOTAL FM JAN 1    26    HIGHEST SLP M ON M
DPTR FM NORMAL    25    LOWEST  SLP 29.82 ON  6

[REMARKS]
