000
CXUS54 KEPZ 011200
CF6SVC
PRELIMINARY LOCAL CLIMATOLOGICAL DATA (WS FORM: F-6)

                                          STATION:   SILVER CITY
                                          MONTH:     MARCH
                                          YEAR:      2015
                                          LATITUDE:   32 37 N
                                          LONGITUDE: 108 10 W

  TEMPERATURE IN F:       :PCPN:    SNOW:  WIND      :SUNSHINE: SKY     :PK WND
================================================================================
1   2   3   4   5  6A  6B    7    8   9   10  11  12  13   14  15   16   17  18
                                     12Z  AVG MX 2MIN
DY MAX MIN AVG DEP HDD CDD  WTR  SNW DPTH SPD SPD DIR MIN PSBL S-S WX    SPD DR
================================================================================

 1  66  36  51   M  14   0 0.00  0.0    0  9.3 20 210   M    M   1        29 230
 2  57  45  51   M  14   0    T  0.0    0 10.7 25 220   M    M   5        44 220
 3  55  36  46   M  19   0 0.03    M    0 10.7 21 240   M    M   4        35 230
 4  54  32  43   M  22   0 0.00  0.0    0 11.2 20 290   M    M   2        28 270
 5  50  23  37   M  28   0 0.00  0.0    0  7.6 15 150   M    M   0        22 170
 6  59  19  39   M  26   0 0.00  0.0    0 10.0 20 140   M    M   0        27 130
 7  59  36  48   M  17   0 0.00  0.0    0 10.2 15 160   M    M   1        20 110
 8  66  36  51   M  14   0 0.00  0.0    0  9.4 21 340   M    M   1        30 340
 9  66  36  51   M  14   0 0.00  0.0    0  7.7 22 350   M    M   1        31 350
10  64  34  49   M  16   0 0.00  0.0    0  7.6 13 160   M    M   0        17 140
11  66  34  50   M  15   0 0.00  0.0    0  7.7 12 160   M    M   0        21 130
12  61  41  51   M  14   0 0.00  0.0    0  7.2 13 150   M    M   1        18 150
13  66  39  53   M  12   0 0.00  0.0    0 11.0 18  70   M    M   5        43 270
14  63  45  54   M  11   0 0.00  0.0    0 14.2 20 100   M    M   1        25  70
15  64  36  50   M  15   0 0.00  0.0    0 12.1 18 120   M    M   0        24 130
16  66  37  52   M  13   0 0.00  0.0    0  9.2 16 140   M    M   1        24 150
17  66  45  56   M   9   0 0.02    M    0  8.9 18 170   M    M   7        20 130
18  57  46  52   M  13   0 0.17  0.0    0  8.5 25 310   M    M   8 12     32 310
19  55  45  50   M  15   0 0.09  0.0    0  9.9 18 310   M    M   6 3      23 310
20  63  36  50   M  15   0 0.00  0.0    0  7.7 13 140   M    M   2 3      16 140
21  64  39  52   M  13   0 0.00  0.0    0  8.6 25 310   M    M   1 3      30 310
22  72  45  59   M   6   0 0.00  0.0    0 13.0 21 300   M    M   0        28 300
23  72  39  56   M   9   0 0.00  0.0    0 11.1 16 280   M    M   0        27 290
24  72  37  55   M  10   0 0.00  0.0    0  9.6 16 270   M    M   0        33 270
25  70  37  54   M  11   0 0.00  0.0    0 13.3 21 290   M    M   0        31 320
26  64  39  52   M  13   0 0.00  0.0    0  7.6 14 190   M    M   0        20 190
27  75  36  56   M   9   0 0.00  0.0    0  9.0 15 360   M    M   0        22 290
28  81  43  62   M   3   0 0.00  0.0    0 13.2 23 280   M    M   0        30 280
29  77  43  60   M   5   0 0.00  0.0    0  9.6 15 300   M    M   0        25 230
30  77  52  65   M   0   0 0.00  0.0    0  9.1 15 160   M    M   0        25 160
31  77  48  63   M   2   0 0.00  0.0    0  9.7 15 130   M    M   3        20 280
================================================================================
SM 2024 1195       397   0  0.31     0.0 304.6          M       50
================================================================================
AV 65.3 38.5                               9.8 FASTST   M    M   2    MAX(MPH)
                                 MISC ---->    25   M                 44    M
================================================================================
NOTES:
# LAST OF SEVERAL OCCURRENCES

COLUMN 17 PEAK WIND IN M.P.H.

PRELIMINARY LOCAL CLIMATOLOGICAL DATA (WS FORM: F-6) , PAGE 2

                                          STATION:  SILVER CITY
                                          MONTH:    MARCH
                                          YEAR:     2015
                                          LATITUDE:   32 37 N
                                          LONGITUDE: 108 10 W

[TEMPERATURE DATA]      [PRECIPITATION DATA]       SYMBOLS USED IN COLUMN 16

AVERAGE MONTHLY: 51.9   TOTAL FOR MONTH:   0.31    1 = FOG OR MIST
DPTR FM NORMAL:     M   DPTR FM NORMAL:       M    2 = FOG REDUCING VISIBILITY
HIGHEST:    81 ON 28    GRTST 24HR  0.17 ON 18-18      TO 1/4 MILE OR LESS
LOWEST:     19 ON  6                               3 = THUNDER
                        SNOW, ICE PELLETS, HAIL    4 = ICE PELLETS
                        TOTAL MONTH:   0.0 INCH    5 = HAIL
                        GRTST 24HR     0.0         6 = FREEZING RAIN OR DRIZZLE
                        GRTST DEPTH:   0           7 = DUSTSTORM OR SANDSTORM:
                                                       VSBY 1/2 MILE OR LESS
                                                   8 = SMOKE OR HAZE
[NO. OF DAYS WITH]      [WEATHER - DAYS WITH]      9 = BLOWING SNOW
                                                   X = TORNADO
MAX 32 OR BELOW:   0    0.01 INCH OR MORE:   4
MAX 90 OR ABOVE:   0    0.10 INCH OR MORE:   1
MIN 32 OR BELOW:   3    0.50 INCH OR MORE:   0
MIN  0 OR BELOW:   0    1.00 INCH OR MORE:   0

[HDD (BASE 65) ]
TOTAL THIS MO.   397    CLEAR  (SCALE 0-3)  25
DPTR FM NORMAL     M    PTCLDY (SCALE 4-7)   5
TOTAL FM JUL 1  3012    CLOUDY (SCALE 8-10)  1
DPTR FM NORMAL     M

[CDD (BASE 65) ]
TOTAL THIS MO.     0
DPTR FM NORMAL     M    [PRESSURE DATA]
TOTAL FM JAN 1     0    HIGHEST SLP M ON M
DPTR FM NORMAL     M    LOWEST  SLP M ON M

[REMARKS]
#FINAL-03-15#
