000
CXUS56 KLKN 181009
CF6TPH
PRELIMINARY LOCAL CLIMATOLOGICAL DATA (WS FORM: F-6)

                                          STATION:   TONOPAH AIRPORT NV
                                          MONTH:     APRIL
                                          YEAR:      2015
                                          LATITUDE:   38  3 N
                                          LONGITUDE: 117  5 W

  TEMPERATURE IN F:       :PCPN:    SNOW:  WIND      :SUNSHINE: SKY     :PK WND
================================================================================
1   2   3   4   5  6A  6B    7    8   9   10  11  12  13   14  15   16   17  18
                                     12Z  AVG MX 2MIN
DY MAX MIN AVG DEP HDD CDD  WTR  SNW DPTH SPD SPD DIR MIN PSBL S-S WX    SPD DR
================================================================================

 1  61  35  48   2  17   0 0.00    M    M 11.1 30 330   M    M   0        37 330
 2  55  31  43  -3  22   0 0.00    M    M 14.1 29 320   M    M   0        35 320
 3  60  28  44  -2  21   0 0.00    M    M  7.9 16  20   M    M   0        20  20
 4  67  28  48   2  17   0 0.00    M    M 10.7 24 200   M    M   0        29 190
 5  67  30  49   2  16   0 0.00    M    M 11.6 29 230   M    M   0        40 230
 6  56  30  43  -4  22   0 0.00    M    M  8.3 23 180   M    M   3        27 170
 7  58  30  44  -3  21   0    T    M    M 14.7 32 220   M    M   4        42 190
 8  52  30  41  -6  24   0 0.00    M    M 15.0 32 330   M    M   1        42 330
 9  60  27  44  -4  21   0 0.00    M    M  8.2 16 210   M    M   0        22 160
10  66  31  49   1  16   0 0.00    M    M  8.2 17 170   M    M   0        23 170
11  67  32  50   2  15   0 0.00    M    M  8.6 21 360   M    M   1        24 350
12  70  42  56   8   9   0 0.00    M    M 10.9 22 320   M    M   0        28 320
13  77  36  57   8   8   0 0.00    M    M 12.6 28 190   M    M   0        35 190
14  62  30  46  -3  19   0 0.00    M    M 17.1 47 350   M    M   2 8      60 340
15  55  24  40  -9  25   0 0.00    M    M 13.4 30 330   M    M   0        38 320
16  63  26  45  -4  20   0 0.00    M    M 14.8 26 330   M    M   0        38 330
17  72  32  52   2  13   0 0.00    M    M 13.6 25 330   M    M   0        32 320
================================================================================
SM 1068  522       306   0    T     M    200.8          M       11
================================================================================
AV 62.8 30.7                              11.8 FASTST   M    M   1    MAX(MPH)
                                 MISC ---->  # 47 350               # 60  340
================================================================================
NOTES:
# LAST OF SEVERAL OCCURRENCES

COLUMN 17 PEAK WIND IN M.P.H.

PRELIMINARY LOCAL CLIMATOLOGICAL DATA (WS FORM: F-6) , PAGE 2

                                          STATION:  TONOPAH AIRPORT NV
                                          MONTH:    APRIL
                                          YEAR:     2015
                                          LATITUDE:   38  3 N
                                          LONGITUDE: 117  5 W

[TEMPERATURE DATA]      [PRECIPITATION DATA]       SYMBOLS USED IN COLUMN 16

AVERAGE MONTHLY: 46.8   TOTAL FOR MONTH:      T    1 = FOG OR MIST
DPTR FM NORMAL:  -0.9   DPTR FM NORMAL:   -0.25    2 = FOG REDUCING VISIBILITY
HIGHEST:    77 ON 13    GRTST 24HR    T  ON  7- 7      TO 1/4 MILE OR LESS
LOWEST:     24 ON 15                               3 = THUNDER
                        SNOW, ICE PELLETS, HAIL    4 = ICE PELLETS
                        TOTAL MONTH:    M          5 = HAIL
                        GRTST 24HR    M  ON   M    6 = FREEZING RAIN OR DRIZZLE
                        GRTST DEPTH:  M  ON   M    7 = DUSTSTORM OR SANDSTORM:
                                                       VSBY 1/2 MILE OR LESS
                                                   8 = SMOKE OR HAZE
[NO. OF DAYS WITH]      [WEATHER - DAYS WITH]      9 = BLOWING SNOW
                                                   X = TORNADO
MAX 32 OR BELOW:   0    0.01 INCH OR MORE:   0
MAX 90 OR ABOVE:   0    0.10 INCH OR MORE:   0
MIN 32 OR BELOW:  14    0.50 INCH OR MORE:   0
MIN  0 OR BELOW:   0    1.00 INCH OR MORE:   0

[HDD (BASE 65) ]
TOTAL THIS MO.   306    CLEAR  (SCALE 0-3)  16
DPTR FM NORMAL    11    PTCLDY (SCALE 4-7)   1
TOTAL FM JUL 1  3881    CLOUDY (SCALE 8-10)  0
DPTR FM NORMAL -1141

[CDD (BASE 65) ]
TOTAL THIS MO.     0
DPTR FM NORMAL     0    [PRESSURE DATA]
TOTAL FM JAN 1     0    HIGHEST SLP M ON M
DPTR FM NORMAL     0    LOWEST  SLP 29.52 ON  5

[REMARKS]
