000
CXUS52 KTAE 260800
CF6VLD
PRELIMINARY LOCAL CLIMATOLOGICAL DATA (WS FORM: F-6)

                                          STATION:   VALDOSTA
                                          MONTH:     APRIL
                                          YEAR:      2015
                                          LATITUDE:   30 46 N
                                          LONGITUDE:  83 17 W

  TEMPERATURE IN F:       :PCPN:    SNOW:  WIND      :SUNSHINE: SKY     :PK WND
================================================================================
1   2   3   4   5  6A  6B    7    8   9   10  11  12  13   14  15   16   17  18
                                     12Z  AVG MX 2MIN
DY MAX MIN AVG DEP HDD CDD  WTR  SNW DPTH SPD SPD DIR MIN PSBL S-S WX    SPD DR
================================================================================

 1  85  62  74  11   0   9 0.00  0.0    0  2.7 12 320   M    M   3        19 320
 2  84  60  72   9   0   7 0.01  0.0    0  4.0 12 180   M    M   3 12     14 210
 3  84  54  69   6   0   4 0.00  0.0    0  2.9 13 200   M    M   1 128    20 220
 4  82  54  68   5   0   3 0.04  0.0    0  3.8 13  10   M    M   6 1      16  10
 5  78  57  68   5   0   3 0.00  0.0    0  8.5 17 120   M    M   3        23  70
 6  82  61  72   8   0   7 0.28  0.0    0  5.8 15 160   M    M   7 1      21 150
 7  86  63  75  11   0  10 0.00  0.0    0  3.1 13 190   M    M   3 1      16 190
 8  88  62  75  11   0  10 0.00  0.0    0  2.6 13 170   M    M   1 1      15 170
 9  88  64  76  12   0  11 0.00  0.0    0  4.5 13 180   M    M   1 12     16 150
10  87  62  75  11   0  10 0.00  0.0    0  3.4 13 190   M    M   2 12     20 190
11  76  65  71   6   0   6 0.15  0.0    0  1.9  9 180   M    M   7 1      12 190
12  80  64  72   7   0   7 0.00  0.0    0  4.0 16  10   M    M   8 12     20  40
13  82  68  75  10   0  10 0.19  0.0    0  4.4 10 160   M    M   8 18     16 210
14  88  68  78  13   0  13 0.00  0.0    0  3.3 13 170   M    M   5 1      17 220
15  81  68  75   9   0  10 0.68  0.0    0  2.4 14 180   M    M   6 123    19 210
16  72  63  68   2   0   3    T  0.0    0  4.9 12  40   M    M   9 1      14  50
17  76  61  69   3   0   4 0.02  0.0    0  3.6  8 160   M    M   9 1      11  30
18  86  67  77  11   0  12 1.32  0.0    0  2.3 13 220   M    M   6 128    18 230
19  81  66  74   7   0   9 0.78  0.0    0  6.2 15 170   M    M   6 123    23 250
20  72  61  67   0   0   2 0.04  0.0    0  4.4 29 170   M    M   7 12     36 170
21  78  57  68   1   0   3 0.00  0.0    0  2.8 17  10   M    M   2 1      24  10
22  84  53  69   2   0   4 0.00  0.0    0  1.4  9 310   M    M   0 1      14 330
23  89  58  74   6   0   9 0.00  0.0    0  1.3 10 360   M    M   0 1      12 360
24  84  61  73   5   0   8 0.00  0.0    0  4.3 13  30   M    M   1        17  20
25  82  61  72   4   0   7 1.31  0.0    0  5.5 16 180   M    M   4 123    20 180
================================================================================
SM 2055 1540         0 181  4.82     0.0  94.0          M      108
================================================================================
AV 82.2 61.6                               3.8 FASTST   M    M   4    MAX(MPH)
                                 MISC ---->  # 29 170               # 36  170
================================================================================
NOTES:
# LAST OF SEVERAL OCCURRENCES

COLUMN 17 PEAK WIND IN M.P.H.

PRELIMINARY LOCAL CLIMATOLOGICAL DATA (WS FORM: F-6) , PAGE 2

                                          STATION:  VALDOSTA
                                          MONTH:    APRIL
                                          YEAR:     2015
                                          LATITUDE:   30 46 N
                                          LONGITUDE:  83 17 W

[TEMPERATURE DATA]      [PRECIPITATION DATA]       SYMBOLS USED IN COLUMN 16

AVERAGE MONTHLY: 71.9   TOTAL FOR MONTH:   4.82    1 = FOG OR MIST
DPTR FM NORMAL:   6.7   DPTR FM NORMAL:    2.27    2 = FOG REDUCING VISIBILITY
HIGHEST:    89 ON 23    GRTST 24HR  2.01 ON 18-19      TO 1/4 MILE OR LESS
LOWEST:     53 ON 22                               3 = THUNDER
                        SNOW, ICE PELLETS, HAIL    4 = ICE PELLETS
                        TOTAL MONTH:   0.0 INCH    5 = HAIL
                        GRTST 24HR     0.0         6 = FREEZING RAIN OR DRIZZLE
                        GRTST DEPTH:   0           7 = DUSTSTORM OR SANDSTORM:
                                                       VSBY 1/2 MILE OR LESS
                                                   8 = SMOKE OR HAZE
[NO. OF DAYS WITH]      [WEATHER - DAYS WITH]      9 = BLOWING SNOW
                                                   X = TORNADO
MAX 32 OR BELOW:   0    0.01 INCH OR MORE:  11
MAX 90 OR ABOVE:   0    0.10 INCH OR MORE:   7
MIN 32 OR BELOW:   0    0.50 INCH OR MORE:   4
MIN  0 OR BELOW:   0    1.00 INCH OR MORE:   2

[HDD (BASE 65) ]
TOTAL THIS MO.     0    CLEAR  (SCALE 0-3)  11
DPTR FM NORMAL   -63    PTCLDY (SCALE 4-7)  11
TOTAL FM JUL 1  1580    CLOUDY (SCALE 8-10)  3
DPTR FM NORMAL   -49

[CDD (BASE 65) ]
TOTAL THIS MO.   181
DPTR FM NORMAL   112    [PRESSURE DATA]
TOTAL FM JAN 1   277    HIGHEST SLP M ON M
DPTR FM NORMAL   165    LOWEST  SLP 29.67 ON 25

[REMARKS]
