000
CDUS41 KBTV 210612
CLI1V4


CLIMATE REPORT
NATIONAL WEATHER SERVICE BURLINGTON VT
201 AM EDT TUE APR 21 2015


...................................

...THE ST. JOHNSBURY VT CLIMATE SUMMARY FOR APRIL 20 2015...

CLIMATE NORMAL PERIOD 1981 TO 2010
CLIMATE RECORD PERIOD 1894 TO 2015


WEATHER ITEM   OBSERVED TIME   RECORD YEAR NORMAL DEPARTURE LAST
                VALUE   (LST)  VALUE       VALUE  FROM      YEAR
                                                  NORMAL
..................................................................
TEMPERATURE (F)
 YESTERDAY
  MAXIMUM         51        MM  89    1941  59     -8       60
  MINIMUM         33        MM  12    1897  34     -1       23
  AVERAGE         42                        46     -4       42

PRECIPITATION (IN)
  YESTERDAY        0.02          1.08 1950   0.10  -0.08     0.00
  MONTH TO DATE    1.34                      1.87  -0.53     2.48
  SINCE MAR 1      2.71                      4.38  -1.67     5.35
  SINCE JAN 1      7.27                      9.06  -1.79    10.48

DEGREE DAYS
 HEATING
  YESTERDAY       23                        19      4       23
  MONTH TO DATE  492                       456     36      497
  SINCE MAR 1   1766                      1532    234     1918
  SINCE JUL 1   7831                      7256    575     7950

 COOLING
  YESTERDAY        0                         0      0        0
  MONTH TO DATE    0                         0      0        0
  SINCE MAR 1      0                         0      0        0
  SINCE JAN 1      0                         0      0        0
..................................................................


WIND (MPH)
  HIGHEST WIND SPEED    MM   HIGHEST WIND DIRECTION    MM
  HIGHEST GUST SPEED    MM   HIGHEST GUST DIRECTION    MM
  AVERAGE WIND SPEED    MM


SKY COVER
  AVERAGE SKY COVER 0.0


WEATHER CONDITIONS
 THE FOLLOWING WEATHER WAS RECORDED YESTERDAY.
  NO SIGNIFICANT WEATHER WAS OBSERVED.


RELATIVE HUMIDITY (PERCENT)
 HIGHEST    82          1000 PM
 LOWEST     36           900 AM
 AVERAGE    59

..........................................................


THE ST. JOHNSBURY VT CLIMATE NORMALS FOR TODAY
                         NORMAL    RECORD    YEAR
 MAXIMUM TEMPERATURE (F)   59        88      1941
 MINIMUM TEMPERATURE (F)   35         8      1908


SUNRISE AND SUNSET
APRIL 21 2015.........SUNRISE   555 AM EDT   SUNSET   740 PM EDT
APRIL 22 2015.........SUNRISE   553 AM EDT   SUNSET   741 PM EDT


-  INDICATES NEGATIVE NUMBERS.
R  INDICATES RECORD WAS SET OR TIED.
MM INDICATES DATA IS MISSING.
T  INDICATES TRACE AMOUNT.




$$
