000
CDUS43 KUNR 250855
CLI2WX


CLIMATE REPORT
NATIONAL WEATHER SERVICE RAPID CITY SD
255 AM MDT SAT APR 25 2015


...................................

...THE BUFFALO SD CLIMATE SUMMARY FOR APRIL 24 2015...

CLIMATE NORMAL PERIOD 1981 TO 2010
CLIMATE RECORD PERIOD 9999 TO 9999


WEATHER ITEM   OBSERVED TIME   NORMAL DEPARTURE LAST
                VALUE   (LST)  VALUE  FROM      YEAR
                                      NORMAL
......................................................
TEMPERATURE (F)
 YESTERDAY
  MAXIMUM         70    331 PM  59     11       61
  MINIMUM         34    548 AM  34      0       31
  AVERAGE         52            46      6       46

PRECIPITATION (IN)
  YESTERDAY        0.00          0.05  -0.05     0.00
  MONTH TO DATE    0.45          1.09  -0.64     0.27
  SINCE MAR 1      0.86          1.86  -1.00     1.15
  SINCE JAN 1      1.33          2.43  -1.10     1.73

DEGREE DAYS
 HEATING
  YESTERDAY       13            19     -6       19
  MONTH TO DATE  487           546    -59      569
  SINCE MAR 1   1204          1552   -348     1678
  SINCE JUL 1   6662          7349   -687     7735

 COOLING
  YESTERDAY        0             0      0        0
  MONTH TO DATE    0             0      0        0
  SINCE MAR 1      0             0      0        0
  SINCE JAN 1      0             0      0        0
......................................................


WIND (MPH)
  HIGHEST WIND SPEED    17   HIGHEST WIND DIRECTION     E (80)
  HIGHEST GUST SPEED    22   HIGHEST GUST DIRECTION     E (80)
  AVERAGE WIND SPEED     9.2




RELATIVE HUMIDITY (PERCENT)
 HIGHEST    82           400 AM
 LOWEST     23           200 PM
 AVERAGE    53

..........................................................




SUNRISE AND SUNSET
APRIL 25 2015.........SUNRISE   552 AM MDT   SUNSET   753 PM MDT
APRIL 26 2015.........SUNRISE   550 AM MDT   SUNSET   755 PM MDT


-  INDICATES NEGATIVE NUMBERS.
R  INDICATES RECORD WAS SET OR TIED.
MM INDICATES DATA IS MISSING.
T  INDICATES TRACE AMOUNT.




$$
