000
CDUS41 KPHI 032132
CLIABE


CLIMATE REPORT
NATIONAL WEATHER SERVICE MOUNT HOLLY NJ
527 PM EDT SUN MAY 3 2015


...................................

...THE ALLENTOWN PA CLIMATE SUMMARY FOR MAY 3 2015...
VALID TODAY AS OF 0500 PM LOCAL TIME.

CLIMATE NORMAL PERIOD 1981 TO 2010
CLIMATE RECORD PERIOD 1922 TO 2015


WEATHER ITEM   OBSERVED TIME   RECORD YEAR NORMAL DEPARTURE LAST
                VALUE   (LST)  VALUE       VALUE  FROM      YEAR
                                                  NORMAL
..................................................................
TEMPERATURE (F)
 TODAY
  MAXIMUM         81    345 PM  91    2001  68     13       67
  MINIMUM         43    512 AM  32    2005  44     -1       40
  AVERAGE         62                        56      6       54

PRECIPITATION (IN)
  TODAY            0.00          1.75 1984   0.12  -0.12     0.01
  MONTH TO DATE    T                         0.35  -0.35     0.23
  SINCE MAR 1      6.24                      7.30  -1.06     9.27
  SINCE JAN 1     10.79                     13.03  -2.24    18.26

SNOWFALL (IN)
  TODAY            0.0           0.0    MM   0.0    0.0      0.0
  MONTH TO DATE    0.0                       0.0    0.0      0.0
  SINCE MAR 1     17.8                       5.9   11.9      1.4
  SINCE JUL 1     50.1                      32.9   17.2     68.1
  SNOW DEPTH       0

DEGREE DAYS
 HEATING
  TODAY            3                        10     -7       11
  MONTH TO DATE   20                        30    -10       22
  SINCE MAR 1   1386                      1291     95     1446
  SINCE JUL 1   5867                      5600    267     6044

 COOLING
  TODAY            0                         0      0        0
  MONTH TO DATE    0                         0      0        0
  SINCE MAR 1      0                         5     -5        7
  SINCE JAN 1      0                         5     -5        7
..................................................................


WIND (MPH)
  HIGHEST WIND SPEED    16   HIGHEST WIND DIRECTION     W (250)
  HIGHEST GUST SPEED    23   HIGHEST GUST DIRECTION    SW (240)
  AVERAGE WIND SPEED     3.0


SKY COVER
  POSSIBLE SUNSHINE  MM
  AVERAGE SKY COVER 0.2


WEATHER CONDITIONS
 THE FOLLOWING WEATHER WAS RECORDED TODAY.
  NO SIGNIFICANT WEATHER WAS OBSERVED.


RELATIVE HUMIDITY (PERCENT)
 HIGHEST    92           300 AM
 LOWEST     21           400 PM
 AVERAGE    57

..........................................................


THE ALLENTOWN PA CLIMATE NORMALS FOR TOMORROW
                         NORMAL    RECORD    YEAR
 MAXIMUM TEMPERATURE (F)   68        92      2001
 MINIMUM TEMPERATURE (F)   44        31      2002
                                             1957


SUNRISE AND SUNSET
MAY  3 2015...........SUNRISE   558 AM EDT   SUNSET   800 PM EDT
MAY  4 2015...........SUNRISE   557 AM EDT   SUNSET   801 PM EDT


-  INDICATES NEGATIVE NUMBERS.
R  INDICATES RECORD WAS SET OR TIED.
MM INDICATES DATA IS MISSING.
T  INDICATES TRACE AMOUNT.




$$
