000
CDUS41 KPHI 300629
CLIABE


CLIMATE REPORT
NATIONAL WEATHER SERVICE MOUNT HOLLY NJ
228 AM EDT MON MAR 30 2015


...................................

...THE ALLENTOWN PA CLIMATE SUMMARY FOR MARCH 29 2015...

CLIMATE NORMAL PERIOD 1981 TO 2010
CLIMATE RECORD PERIOD 1922 TO 2015


WEATHER ITEM   OBSERVED TIME   RECORD YEAR NORMAL DEPARTURE LAST
                VALUE   (LST)  VALUE       VALUE  FROM      YEAR
                                                  NORMAL
..................................................................
TEMPERATURE (F)
 YESTERDAY
  MAXIMUM         46    423 PM  86    1945  55     -9       49
  MINIMUM         21    437 AM  13    1923  33    -12       39
  AVERAGE         34                        44    -10       44

PRECIPITATION (IN)
  YESTERDAY        0.00          1.31 1970   0.12  -0.12     0.97
  MONTH TO DATE    4.29                      3.15   1.14     1.99
  SINCE MAR 1      4.29                      3.15   1.14     1.99
  SINCE JAN 1      8.84                      8.88  -0.04    10.98

SNOWFALL (IN)
  YESTERDAY        0.0          10.2  1970   0.1   -0.1      0.0
  MONTH TO DATE   17.4                       4.8   12.6      1.1
  SINCE MAR 1     17.4                       4.8   12.6      1.1
  SINCE JUL 1     49.7                      31.8   17.9     67.8
  SNOW DEPTH       0

DEGREE DAYS
 HEATING
  YESTERDAY       31                        21     10       21
  MONTH TO DATE  907                       762    145      919
  SINCE MAR 1    907                       762    145      919
  SINCE JUL 1   5388                      5071    317     5517

 COOLING
  YESTERDAY        0                         0      0        0
  MONTH TO DATE    0                         0      0        0
  SINCE MAR 1      0                         0      0        0
  SINCE JAN 1      0                         0      0        0
..................................................................


WIND (MPH)
  HIGHEST WIND SPEED    18   HIGHEST WIND DIRECTION     N (340)
  HIGHEST GUST SPEED    29   HIGHEST GUST DIRECTION    NW (300)
  AVERAGE WIND SPEED     8.6


SKY COVER
  POSSIBLE SUNSHINE  MM
  AVERAGE SKY COVER 0.1


WEATHER CONDITIONS
 THE FOLLOWING WEATHER WAS RECORDED YESTERDAY.
  NO SIGNIFICANT WEATHER WAS OBSERVED.


RELATIVE HUMIDITY (PERCENT)
 HIGHEST    54           600 AM
 LOWEST     20           500 PM
 AVERAGE    37

..........................................................


THE ALLENTOWN PA CLIMATE NORMALS FOR TODAY
                         NORMAL    RECORD    YEAR
 MAXIMUM TEMPERATURE (F)   55        87      1998
 MINIMUM TEMPERATURE (F)   33        10      1970


SUNRISE AND SUNSET
MARCH 30 2015.........SUNRISE   649 AM EDT   SUNSET   724 PM EDT
MARCH 31 2015.........SUNRISE   647 AM EDT   SUNSET   725 PM EDT


-  INDICATES NEGATIVE NUMBERS.
R  INDICATES RECORD WAS SET OR TIED.
MM INDICATES DATA IS MISSING.
T  INDICATES TRACE AMOUNT.




$$
