000
CDUS43 KABR 061030
CLIABR


CLIMATE REPORT
NATIONAL WEATHER SERVICE ABERDEEN SD
529 AM CDT WED MAY 6 2015


...................................

...THE ABERDEEN SD CLIMATE SUMMARY FOR MAY 5 2015...

CLIMATE NORMAL PERIOD 1981 TO 2010
CLIMATE RECORD PERIOD 1893 TO 2015


WEATHER ITEM   OBSERVED TIME   RECORD YEAR NORMAL DEPARTURE LAST
                VALUE   (LST)  VALUE       VALUE  FROM      YEAR
                                                  NORMAL
..................................................................
TEMPERATURE (F)
 YESTERDAY
  MAXIMUM         80    302 PM  92    2000  66     14       65
                                      1926
                                      1897
  MINIMUM         43    547 AM  24    1968  40      3       38
                                      1944
                                      1929
  AVERAGE         62                        53      9       52

PRECIPITATION (IN)
  YESTERDAY        0.00          7.62 2007   0.10  -0.10     0.00
  MONTH TO DATE    0.05                      0.51  -0.46     0.01
  SINCE MAR 1      0.83                      3.52  -2.69     2.82
  SINCE JAN 1      1.88                      4.54  -2.66     3.26

DEGREE DAYS
 HEATING
  YESTERDAY        3                        12     -9       13
  MONTH TO DATE   33                        65    -32       89
  SINCE MAR 1   1446                      1773   -327     2033
  SINCE JUL 1   7714                      8236   -522     9192

 COOLING
  YESTERDAY        0                         0      0        0
  MONTH TO DATE    0                         0      0        0
  SINCE MAR 1      0                         2     -2        0
  SINCE JAN 1      0                         2     -2        0
..................................................................


WIND (MPH)
  HIGHEST WIND SPEED    25   HIGHEST WIND DIRECTION     S (160)
  HIGHEST GUST SPEED    38   HIGHEST GUST DIRECTION    SE (130)
  AVERAGE WIND SPEED    12.9


SKY COVER
  POSSIBLE SUNSHINE  MM
  AVERAGE SKY COVER 0.2


WEATHER CONDITIONS
 THE FOLLOWING WEATHER WAS RECORDED YESTERDAY.
  NO SIGNIFICANT WEATHER WAS OBSERVED.


RELATIVE HUMIDITY (PERCENT)
 HIGHEST    84          1000 PM
 LOWEST     17          1100 AM
 AVERAGE    51

..........................................................


THE ABERDEEN SD CLIMATE NORMALS FOR TODAY
                         NORMAL    RECORD    YEAR
 MAXIMUM TEMPERATURE (F)   66        92      1916
 MINIMUM TEMPERATURE (F)   40        23      1931


SUNRISE AND SUNSET
MAY  6 2015...........SUNRISE   615 AM CDT   SUNSET   846 PM CDT
MAY  7 2015...........SUNRISE   614 AM CDT   SUNSET   848 PM CDT


-  INDICATES NEGATIVE NUMBERS.
R  INDICATES RECORD WAS SET OR TIED.
MM INDICATES DATA IS MISSING.
T  INDICATES TRACE AMOUNT.




$$
