000
CDAK48 PADQ 040902
CLIADQ

CLIMATE REPORT
NATIONAL WEATHER SERVICE KODIAK, AK
102 AM AKDT MON MAY 4 2015

...................................
...THE KODIAK AP CLIMATE SUMMARY FOR MAY 3 2015...

CLIMATE NORMAL PERIOD  1981 TO  2010
CLIMATE RECORD PERIOD  1949 TO  2015

WEATHER ITEM   OBSERVED TIME    RECORD YEAR NORMAL DEPARTURE LAST
               VALUE    (LST)   VALUE       VALUE  FROM      YEAR
                                                   NORMAL
...................................................................
TEMPERATURE
YESTERDAY
 MAXIMUM            48  0425 PM    61  2003     47       1     59
 MINIMUM            42  1032 AM    20  1949     36       6     40
 AVERAGE            45                          42       3     50

PRECIPITATION
(INCHES)
 YESTERDAY        0.06           1.17  2006   0.18   -0.12   0.00
 MONTH TO DATE    0.29                        0.54   -0.25   0.00
 SINCE MAR 1     14.46                       11.88    2.58  11.09
 SINCE JAN 1     33.38                       26.31    7.07  32.34

SNOWFALL
(INCHES)
 YESTERDAY         0.0            0.7  1964    0.0     0.0    0.0
 MONTH TO DATE     0.0                         0.1    -0.1    0.0
 SINCE MAR 1       4.7                        19.4   -14.7   12.4
 SINCE JUL 1      20.1                        68.8   -48.7     MM
 SNOW DEPTH (IN)     0                                          0

DEGREE DAYS
 HEATING
  YESTERDAY         20                          23      -3     15
  MONTH TO DATE     69                          70      -1     44
  SINCE MAR 1     1718                        1889    -171   1781
  SINCE JUL 1     6636                        7762   -1126   7067

 COOLING
  YESTERDAY          0                           0       0      0
  MONTH TO DATE      0                           0       0      0
  SINCE MAR 1        0                           0       0      0
  SINCE JAN 1        0                           0       0      0
...................................................................

WIND (MPH)
 HIGHEST WIND SPEED    18     HIGHEST WIND DIRECTION     40
 HIGHEST GUST SPEED    21     HIGHEST GUST DIRECTION     40
 AVERAGE WIND SPEED   7.6

SKY COVER
  POSSIBLE SUNSHINE    MM          AVERAGE SKY COVER     MM

WEATHER CONDITIONS
 THE FOLLOWING WEATHER WAS RECORDED YESTERDAY.
  FOG
RAIN


RELATIVE HUMIDITY
 HIGHEST RH     MM PERCENT       MM
 LOWEST  RH     MM PERCENT       MM
 AVERAGE RH     MM PERCENT       MM
...................................................................

THE KODIAK CLIMATE NORMALS FOR TODAY
                           NORMAL    RECORD   YEAR
 MAXIMUM TEMPERATURE (F)     48        68     2004
 MINIMUM TEMPERATURE (F)     36        24     1949

SUNRISE AND SUNSET
 MAY 4 2015..........SUNRISE  6:12 AM      SUNSET 10:04 PM
 MAY 5 2015..........SUNRISE  6:10 AM      SUNSET 10:06 PM

-  INDICATES NEGATIVE NUMBERS.
R  INDICATES RECORD HAS BEEN SET OR TIED.
MM INDICATES DATA IS MISSING.
T  INDICATES TRACE OF PRECIPITATION.

&&
-------------------------------------------------------------------

AMOUNT OF DAYLIGHT TODAY  (HOUR:MIN)........15 HOURS 52 MINUTES
GAIN/LOSS SINCE YESTERDAY (HOUR:MIN:SEC)....+0:04:33

$$
*** MAY 15
