000
CDUS45 KCYS 242151
CLIAIA


CLIMATE REPORT
NATIONAL WEATHER SERVICE CHEYENNE WY
351 PM MDT FRI APR 24 2015


...................................

...THE ALLIANCE NE AIRPORT CLIMATE SUMMARY FOR APRIL 24 2015...
VALID AS OF 0300 PM LOCAL TIME.

CLIMATE NORMAL PERIOD 1981 TO 2010
CLIMATE RECORD PERIOD 1896 TO 2015


WEATHER ITEM   OBSERVED TIME   RECORD YEAR NORMAL DEPARTURE LAST
                VALUE   (LST)  VALUE       VALUE  FROM      YEAR
                                                  NORMAL
..................................................................
TEMPERATURE (F)
 TODAY
  MAXIMUM         70    153 PM  90    2012  63      7       66
  MINIMUM         38    521 AM  13    1988  32      6       27
  AVERAGE         54                        47      7       47

PRECIPITATION (IN)
  TODAY            0.00          2.00 1942   0.05  -0.05     0.00
  MONTH TO DATE    2.09                      1.14   0.95     0.06
  SINCE JAN 1      3.07                      2.55   0.52     1.80

DEGREE DAYS
 HEATING
  TODAY           11                        18     -7       18
  MONTH TO DATE  471                       502    -31      485
  SINCE MAR 1   1191                      1384   -193     1402
  SINCE JUL 1   6418                      6788   -370     6966

 COOLING
  TODAY            0                         0      0        0
  MONTH TO DATE    0                         0      0        0
  SINCE MAR 1      0                         0      0        0
  SINCE JAN 1      0                         0      0        0
..................................................................


WIND (MPH)
  HIGHEST WIND SPEED    18   HIGHEST WIND DIRECTION    SW (220)
  HIGHEST GUST SPEED    22   HIGHEST GUST DIRECTION     W (270)
  AVERAGE WIND SPEED    10.2


SKY COVER
  AVERAGE SKY COVER 0.0


WEATHER CONDITIONS
 THE FOLLOWING WEATHER WAS RECORDED TODAY.
  NO SIGNIFICANT WEATHER WAS OBSERVED.


RELATIVE HUMIDITY (PERCENT)
 HIGHEST    92           500 AM
 LOWEST     33           100 PM
 AVERAGE    63

..........................................................


THE ALLIANCE NE AIRPORT CLIMATE NORMALS FOR TOMORROW
                         NORMAL    RECORD    YEAR
 MAXIMUM TEMPERATURE (F)   63        87      1962
 MINIMUM TEMPERATURE (F)   32        11      2002


SUNRISE AND SUNSET
APRIL 24 2015.........SUNRISE   557 AM MDT   SUNSET   742 PM MDT
APRIL 25 2015.........SUNRISE   556 AM MDT   SUNSET   743 PM MDT


-  INDICATES NEGATIVE NUMBERS.
R  INDICATES RECORD WAS SET OR TIED.
MM INDICATES DATA IS MISSING.
T  INDICATES TRACE AMOUNT.




$$
