000
CDUS45 KPUB 180020
CLIALS


CLIMATE REPORT
NATIONAL WEATHER SERVICE PUEBLO
620 PM MDT FRI APR 17 2015


...................................

...THE ALAMOSA CO CLIMATE SUMMARY FOR APRIL 17 2015...
VALID TODAY AS OF 0500 PM LOCAL TIME.

CLIMATE NORMAL PERIOD 1981 TO 2010
CLIMATE RECORD PERIOD 1932 TO 2015


WEATHER ITEM   OBSERVED TIME   RECORD YEAR NORMAL DEPARTURE LAST
                VALUE   (LST)  VALUE       VALUE  FROM      YEAR
                                                  NORMAL
..................................................................
TEMPERATURE (F)
 TODAY
  MAXIMUM         45    238 PM  74    1954  60    -15       58
                                      1948
  MINIMUM         23    600 AM   3    1999  25     -2       25
  AVERAGE         34                        42     -8       42

PRECIPITATION (IN)
  TODAY            T             0.45 2010   0.03  -0.03     0.00
  MONTH TO DATE    0.21                      0.32  -0.11     0.98
  SINCE MAR 1      0.61                      0.85  -0.24     1.38
  SINCE JAN 1      1.95                      1.37   0.58     1.50

SNOWFALL (IN)
  TODAY            T             3.3  2008   0.1   -0.1      0.0
  MONTH TO DATE    0.7                       2.3   -1.6      6.6
  SINCE MAR 1      0.7                       7.3   -6.6     10.0
  SINCE JUL 1     23.8                      25.4   -1.6     38.1
  SNOW DEPTH       0

DEGREE DAYS
 HEATING
  TODAY           31                        23      8       23
  MONTH TO DATE  355                       426    -71      416
  SINCE MAR 1   1140                      1403   -263     1291
  SINCE JUL 1   6632                      7732  -1100     7859

 COOLING
  TODAY            0                         0      0        0
  MONTH TO DATE    0                         0      0        0
  SINCE MAR 1      0                         0      0        0
  SINCE JAN 1      0                         0      0        0
..................................................................


WIND (MPH)
  HIGHEST WIND SPEED    21   HIGHEST WIND DIRECTION    SW (230)
  HIGHEST GUST SPEED    26   HIGHEST GUST DIRECTION    SW (230)
  AVERAGE WIND SPEED     8.6


SKY COVER
  POSSIBLE SUNSHINE  MM
  AVERAGE SKY COVER 0.5


WEATHER CONDITIONS
 THE FOLLOWING WEATHER WAS RECORDED TODAY.
  LIGHT SNOW


RELATIVE HUMIDITY (PERCENT)
 HIGHEST    92          1200 AM
 LOWEST     24           400 PM
 AVERAGE    58

..........................................................


THE ALAMOSA CO CLIMATE NORMALS FOR TOMORROW
                         NORMAL    RECORD    YEAR
 MAXIMUM TEMPERATURE (F)   60        74      2001
 MINIMUM TEMPERATURE (F)   25         8      2013


SUNRISE AND SUNSET
APRIL 17 2015.........SUNRISE   626 AM MDT   SUNSET   740 PM MDT
APRIL 18 2015.........SUNRISE   625 AM MDT   SUNSET   741 PM MDT


-  INDICATES NEGATIVE NUMBERS.
R  INDICATES RECORD WAS SET OR TIED.
MM INDICATES DATA IS MISSING.
T  INDICATES TRACE AMOUNT.




$$
