000
CDUS44 KBMX 280954
CLIANB


CLIMATE REPORT
NATIONAL WEATHER SERVICE BIRMINGHAM, AL
453 AM CDT TUE APR 28 2015


...................................

...THE ANNISTON CLIMATE SUMMARY FOR APRIL 27 2015...

CLIMATE NORMAL PERIOD 1981 TO 2010
CLIMATE RECORD PERIOD 1903 TO 2015


WEATHER ITEM   OBSERVED TIME   RECORD YEAR NORMAL DEPARTURE LAST
                VALUE   (LST)  VALUE       VALUE  FROM      YEAR
                                                  NORMAL
..................................................................
TEMPERATURE (F)
 YESTERDAY
  MAXIMUM         68    449 PM  90    1986  77     -9       81
  MINIMUM         51    523 AM  38    1977  53     -2       56
  AVERAGE         60                        65     -5       69

PRECIPITATION (IN)
  YESTERDAY        0.00          2.31 1966   0.14  -0.14     0.51
  MONTH TO DATE    8.06                      3.71   4.35     6.69
  SINCE MAR 1     13.64                      8.67   4.97    12.10
  SINCE JAN 1     21.80                     18.27   3.53    19.26

SNOWFALL (IN)
  YESTERDAY        0.0                       0.0             0.0
  MONTH TO DATE    0.0                       0.2             0.0
  SINCE MAR 1      T                         0.9             0.0
  SINCE JUL 1      T                         2.0             2.3

DEGREE DAYS
 HEATING
  YESTERDAY        5
  MONTH TO DATE   50
  SINCE MAR 1    296
  SINCE JUL 1   2817
..................................................................


WIND (MPH)
  HIGHEST WIND SPEED    15   HIGHEST WIND DIRECTION    NE (30)
  HIGHEST GUST SPEED    22   HIGHEST GUST DIRECTION     N (20)
  AVERAGE WIND SPEED     5.1


SKY COVER
  AVERAGE SKY COVER 0.0


WEATHER CONDITIONS
 THE FOLLOWING WEATHER WAS RECORDED YESTERDAY.
  HAZE


RELATIVE HUMIDITY (PERCENT)
 HIGHEST    83
 LOWEST     35
 AVERAGE    59

..........................................................


THE ANNISTON CLIMATE NORMALS FOR TODAY
                         NORMAL    RECORD    YEAR
 MAXIMUM TEMPERATURE (F)   77        89      1981
 MINIMUM TEMPERATURE (F)   53        34      1967


SUNRISE AND SUNSET
APRIL 28 2015.........SUNRISE   558 AM CDT   SUNSET   724 PM CDT
APRIL 29 2015.........SUNRISE   557 AM CDT   SUNSET   725 PM CDT


-  INDICATES NEGATIVE NUMBERS.
R  INDICATES RECORD WAS SET OR TIED.
MM INDICATES DATA IS MISSING.
T  INDICATES TRACE AMOUNT.




$$
