000
CDAK48 PAFC 281425
CLIANC


CLIMATE REPORT
NATIONAL WEATHER SERVICE ANCHORAGE, AK
624 AM AKDT TUE APR 28 2015


...................................

...THE ANCHORAGE AK CLIMATE SUMMARY FOR APRIL 27 2015...

CLIMATE NORMAL PERIOD 1981 TO 2010
CLIMATE RECORD PERIOD 1952 TO 2015


WEATHER ITEM   OBSERVED RECORD YEAR NORMAL DEPARTURE LAST
                VALUE   VALUE       VALUE  FROM      YEAR
                                           NORMAL
...........................................................
TEMPERATURE (F)
 YESTERDAY
  MAXIMUM         55     63    2005  49      6       56
  MINIMUM         44     19    1955  33     11       34
  AVERAGE         50                 41      9       45

PRECIPITATION (IN)
  YESTERDAY        T      0.32 1968   0.02  -0.02
  MONTH TO DATE    0.61               0.42   0.19
  SINCE MAR 1      1.38               1.02   0.36
  SINCE JAN 1      2.46               2.47  -0.01

SNOWFALL (IN)
  YESTERDAY        0.0    T    2008   0.1   -0.1
                               1975
                               1974
  MONTH TO DATE    4.4                3.8    0.6
  SINCE MAR 1      4.6               13.7   -9.1
  SINCE JUL 1     25.1               74.0  -48.9
  SNOW DEPTH       0

DEGREE DAYS
 HEATING
  YESTERDAY       15                        -9
  MONTH TO DATE  668                      -109
  SINCE MAR 1   1758                      -211
  SINCE JUL 1   8110                     -1188

 COOLING
  YESTERDAY        0                         0
  MONTH TO DATE    0                         0
  SINCE MAR 1      0                         0
  SINCE JAN 1      0                         0
...........................................................


WIND (MPH)
  HIGHEST WIND SPEED    16   HIGHEST WIND DIRECTION     S (160)
  HIGHEST GUST SPEED    37   HIGHEST GUST DIRECTION     S (170)
  AVERAGE WIND SPEED    10.4




RELATIVE HUMIDITY (PERCENT)
 HIGHEST    65
 LOWEST     44
 AVERAGE    55

..........................................................


THE ANCHORAGE AK CLIMATE NORMALS FOR TODAY
                         NORMAL    RECORD    YEAR
 MAXIMUM TEMPERATURE (F)   50        65      2005
 MINIMUM TEMPERATURE (F)   34        25      1972
                                             1955


SUNRISE AND SUNSET
APRIL 28 2015.........SUNRISE   600 AM AKDT  SUNSET   957 PM AKDT
APRIL 29 2015.........SUNRISE   557 AM AKDT  SUNSET   959 PM AKDT


-  INDICATES NEGATIVE NUMBERS.
R  INDICATES RECORD WAS SET OR TIED.
MM INDICATES DATA IS MISSING.
T  INDICATES TRACE AMOUNT.




$$
