000
CDAK47 PANT 060914
CLIANN

CLIMATE REPORT
NATIONAL WEATHER SERVICE ANNETTE, AK
114 AM AKDT WED MAY 6 2015

...................................
...THE ANNETTE WSO AP CLIMATE SUMMARY FOR MAY 5 2015...

CLIMATE NORMAL PERIOD  1981 TO  2010
CLIMATE RECORD PERIOD  1948 TO  2015

WEATHER ITEM   OBSERVED TIME    RECORD YEAR NORMAL DEPARTURE LAST
               VALUE    (LST)   VALUE       VALUE  FROM      YEAR
                                                   NORMAL
...................................................................
TEMPERATURE
YESTERDAY
 MAXIMUM            60  1259 PM    75  1972     54       6     63
 MINIMUM            44  1159 PM    32  1965     42       2     36
 AVERAGE            52                          48       4     50

PRECIPITATION
(INCHES)
 YESTERDAY        0.00           2.02  1949   0.18   -0.18   0.00
 MONTH TO DATE    0.17                        0.96   -0.79      T
 SINCE MAR 1     22.09                       15.78    6.31  23.74
 SINCE JAN 1     43.15                       33.82    9.33  35.84

SNOWFALL
(INCHES)
 YESTERDAY         0.0              T  1959    0.0     0.0    0.0
 MONTH TO DATE     0.0                         0.0     0.0    0.0
 SINCE MAR 1         T                         8.3    -8.3    0.3
 SINCE JUL 1      10.2                        34.8   -24.6   25.4
 SNOW DEPTH (IN)     0                                          0

DEGREE DAYS
 HEATING
  YESTERDAY         13                          17      -4     15
  MONTH TO DATE     82                          88      -6     64
  SINCE MAR 1     1318                        1495    -177   1570
  SINCE JUL 1     5402                        6033    -631   6059

 COOLING
  YESTERDAY          0                           0       0      0
  MONTH TO DATE      0                           0       0      0
  SINCE MAR 1        0                           0       0      0
  SINCE JAN 1        0                           0       0      0
...................................................................

WIND (MPH)
 HIGHEST WIND SPEED    10     HIGHEST WIND DIRECTION    180
 HIGHEST GUST SPEED    14     HIGHEST GUST DIRECTION    230
 AVERAGE WIND SPEED   4.5

SKY COVER
  POSSIBLE SUNSHINE    MM          AVERAGE SKY COVER     MM

WEATHER CONDITIONS
 THE FOLLOWING WEATHER WAS RECORDED YESTERDAY.
  NO SIGNIFICANT WEATHER WAS OBSERVED.

RELATIVE HUMIDITY
 HIGHEST RH     MM PERCENT       MM
 LOWEST  RH     MM PERCENT       MM
 AVERAGE RH     MM PERCENT       MM
...................................................................

THE ANNETTE CLIMATE NORMALS FOR TODAY
                           NORMAL    RECORD   YEAR
 MAXIMUM TEMPERATURE (F)     54        74     1981
 MINIMUM TEMPERATURE (F)     42        32     2002

SUNRISE AND SUNSET
 MAY 6 2015..........SUNRISE  4:56 AM      SUNSET  8:32 PM
 MAY 7 2015..........SUNRISE  4:54 AM      SUNSET  8:34 PM

-  INDICATES NEGATIVE NUMBERS.
R  INDICATES RECORD HAS BEEN SET OR TIED.
MM INDICATES DATA IS MISSING.
T  INDICATES TRACE OF PRECIPITATION.

&&
-------------------------------------------------------------------

AMOUNT OF DAYLIGHT TODAY  (HOUR:MIN)........15 HOURS 36 MINUTES
GAIN/LOSS SINCE YESTERDAY (HOUR:MIN:SEC)....+0:03:56

$$
MM MAY 15
