000
CDUS42 KMFL 260821
CLIAPF


CLIMATE REPORT
NATIONAL WEATHER SERVICE MIAMI, FL
421 AM EDT SUN APR 26 2015


...................................

...THE NAPLES CLIMATE SUMMARY FOR APRIL 25 2015...

CLIMATE NORMAL PERIOD 1981 TO 2010
CLIMATE RECORD PERIOD 1942 TO 2015


WEATHER ITEM   OBSERVED TIME   RECORD YEAR NORMAL DEPARTURE LAST
                VALUE   (LST)  VALUE       VALUE  FROM      YEAR
                                                  NORMAL
..................................................................
TEMPERATURE (F)
 YESTERDAY
  MAXIMUM         88   1046 AM  91    2011  85      3       84
  MINIMUM         74    649 AM  52    1986  65      9       66
  AVERAGE         81                        75      6       75

PRECIPITATION (IN)
  YESTERDAY        0.00          1.77 1979   0.08  -0.08     0.00
  MONTH TO DATE    0.35                      2.06  -1.71     1.73
  SINCE NOV 1      4.74                     11.88  -7.14     7.89
  SINCE JAN 1      3.44                      8.39  -4.95     6.79

SNOWFALL (IN)
  YESTERDAY        0.0
  MONTH TO DATE    0.0
  SINCE MAR 1      0.0
  SINCE JUL 1      0.0
  SNOW DEPTH       0

DEGREE DAYS
 HEATING
  YESTERDAY        0                         0      0        0
  MONTH TO DATE    0                         0      0        0
  SINCE MAR 1      1                        23    -22        7
  SINCE JUL 1    198                       256    -58      149

 COOLING
  YESTERDAY       16                        10      6       10
  MONTH TO DATE  340                       201    139      227
  SINCE MAR 1    644                       377    267      385
  SINCE JAN 1    820                       568    252      658
..................................................................


WIND (MPH)
  HIGHEST WIND SPEED    16   HIGHEST WIND DIRECTION    SW (240)
  HIGHEST GUST SPEED    22   HIGHEST GUST DIRECTION     W (250)
  AVERAGE WIND SPEED     8.4


SKY COVER
  AVERAGE SKY COVER 0.1


WEATHER CONDITIONS
 THE FOLLOWING WEATHER WAS RECORDED YESTERDAY.
  NO SIGNIFICANT WEATHER WAS OBSERVED.


RELATIVE HUMIDITY (PERCENT)
 HIGHEST    93
 LOWEST     63
 AVERAGE    78

..........................................................


THE NAPLES CLIMATE NORMALS FOR TODAY
                         NORMAL    RECORD    YEAR
 MAXIMUM TEMPERATURE (F)   85        92      1958
 MINIMUM TEMPERATURE (F)   65        45      1983


SUNRISE AND SUNSET
APRIL 26 2015.........SUNRISE   654 AM EDT   SUNSET   756 PM EDT
APRIL 27 2015.........SUNRISE   653 AM EDT   SUNSET   757 PM EDT


-  INDICATES NEGATIVE NUMBERS.
R  INDICATES RECORD WAS SET OR TIED.
MM INDICATES DATA IS MISSING.
T  INDICATES TRACE AMOUNT.




$$
