000
CDUS43 KLOT 270633
CLIARR


CLIMATE REPORT
NATIONAL WEATHER SERVICE CHICAGO IL
133 AM CDT MON APR 27 2015


...................................

...THE AURORA MUNICIPAL AIRPORT CLIMATE SUMMARY FOR APRIL 26 2015...

CLIMATE NORMAL PERIOD 1981 TO 2010
CLIMATE RECORD PERIOD 1998 TO 2015


WEATHER ITEM   OBSERVED TIME   RECORD YEAR NORMAL DEPARTURE LAST
                VALUE   (LST)  VALUE       VALUE  FROM      YEAR
                                                  NORMAL
..................................................................
TEMPERATURE (F)
 YESTERDAY
  MAXIMUM         59    443 PM  79    2009  64     -5       59
  MINIMUM         34    436 AM  25    2006  40     -6       40
  AVERAGE         47                        52     -5       50

PRECIPITATION (IN)
  YESTERDAY        0.00          0.72 2009   0.11  -0.11      T
  MONTH TO DATE    4.24                      2.70   1.54     1.56
  SINCE MAR 1      4.62                      4.93  -0.31     2.28
  SINCE JAN 1      5.30                      8.02  -2.72     4.13

DEGREE DAYS
 HEATING
  YESTERDAY       18                        13      5       15
  MONTH TO DATE  381                       448    -67      443
  SINCE MAR 1   1326                      1318      8     1524
  SINCE JUL 1   6781                      6456    325     7100

 COOLING
  YESTERDAY        0                         0      0        0
  MONTH TO DATE    0                         0      0        0
  SINCE MAR 1      0                         0      0        0
  SINCE JAN 1      0                         0      0        0
..................................................................


WIND (MPH)
  RESULTANT WIND SPEED   9   RESULTANT WIND DIRECTION  NE (30)
  HIGHEST WIND SPEED    21   HIGHEST WIND DIRECTION    NE (30)
  HIGHEST GUST SPEED    24   HIGHEST GUST DIRECTION     N (10)
  AVERAGE WIND SPEED     9.6


SKY COVER
  POSSIBLE SUNSHINE  MM
  AVERAGE SKY COVER 0.1


WEATHER CONDITIONS
 THE FOLLOWING WEATHER WAS RECORDED YESTERDAY.
  NO SIGNIFICANT WEATHER WAS OBSERVED.


RELATIVE HUMIDITY (PERCENT)
 HIGHEST    70           400 AM
 LOWEST     31           300 PM
 AVERAGE    51

..........................................................


THE AURORA MUNICIPAL AIRPORT CLIMATE NORMALS FOR TODAY
                         NORMAL    RECORD    YEAR
 MAXIMUM TEMPERATURE (F)   64        75      2003
 MINIMUM TEMPERATURE (F)   41        25      2012


SUNRISE AND SUNSET
APRIL 27 2015.........SUNRISE   556 AM CDT   SUNSET   748 PM CDT
APRIL 28 2015.........SUNRISE   555 AM CDT   SUNSET   749 PM CDT


-  INDICATES NEGATIVE NUMBERS.
R  INDICATES RECORD WAS SET OR TIED.
MM INDICATES DATA IS MISSING.
T  INDICATES TRACE AMOUNT.




$$
