000
CDUS44 KEWX 252300
CLIATT


CLIMATE REPORT
NATIONAL WEATHER SERVICE AUSTIN/SAN ANTONIO, TX
600 PM CDT SAT APR 25 2015


...................................

...THE AUSTIN CAMP MABRY CLIMATE SUMMARY FOR APRIL 25 2015...
VALID TODAY AS OF 600 PM LOCAL TIME.

CLIMATE NORMAL PERIOD 1981 TO 2010
CLIMATE RECORD PERIOD 1897 TO 2015


WEATHER ITEM   OBSERVED TIME   RECORD YEAR NORMAL DEPARTURE LAST
                VALUE   (LST)  VALUE       VALUE  FROM      YEAR
                                                  NORMAL
..................................................................
TEMPERATURE (F)
 TODAY
  MAXIMUM         93    321 PM  95    1996  82     11       88
  MINIMUM         70    746 AM  42    1910  61      9       63
  AVERAGE         82                        72     10       76

PRECIPITATION (IN)
  TODAY            0.04          3.05 1915   0.08  -0.04     0.00
  MONTH TO DATE    1.67                      1.64   0.03     1.89
  SINCE MAR 1      6.50                      4.40   2.10     3.16
  SINCE JAN 1     12.02                      8.64   3.38     3.99

SNOWFALL (IN)
  TODAY            0.0
  MONTH TO DATE    0.0
  SINCE MAR 1      T
  SINCE JUL 1      T
  SNOW DEPTH       0

DEGREE DAYS
 HEATING
  TODAY            0                         0      0        0
  MONTH TO DATE    4                        37    -33       49
  SINCE MAR 1    207                       199      8      275
  SINCE JUL 1   1690                      1536    154     1771

 COOLING
  TODAY           17                         7     10       11
  MONTH TO DATE  181                       127     54      126
  SINCE MAR 1    243                       188     55      169
  SINCE JAN 1    254                       215     39      210
..................................................................


WIND (MPH)
  HIGHEST WIND SPEED    12   HIGHEST WIND DIRECTION    NW (300)
  HIGHEST GUST SPEED    18   HIGHEST GUST DIRECTION    NW (310)
  AVERAGE WIND SPEED     4.3


SKY COVER
  AVERAGE SKY COVER 0.2


WEATHER CONDITIONS
 THE FOLLOWING WEATHER WAS RECORDED TODAY.
  THUNDERSTORM
  FOG


RELATIVE HUMIDITY (PERCENT)
 HIGHEST   100          1200 AM
 LOWEST     21           300 PM
 AVERAGE    61

..........................................................


THE AUSTIN CAMP MABRY CLIMATE NORMALS FOR TOMORROW
                         NORMAL    RECORD    YEAR
 MAXIMUM TEMPERATURE (F)   82        97      1988
 MINIMUM TEMPERATURE (F)   62        45      1926


SUNRISE AND SUNSET
APRIL 25 2015.........SUNRISE   653 AM CDT   SUNSET   805 PM CDT
APRIL 26 2015.........SUNRISE   652 AM CDT   SUNSET   805 PM CDT


-  INDICATES NEGATIVE NUMBERS.
R  INDICATES RECORD WAS SET OR TIED.
MM INDICATES DATA IS MISSING.
T  INDICATES TRACE AMOUNT.




$$
