000
CDUS41 KGYX 040835
CLIAUG


CLIMATE REPORT
NATIONAL WEATHER SERVICE GRAY ME
435 AM EDT MON MAY 4 2015


...................................

...THE AUGUSTA CLIMATE SUMMARY FOR MAY 3 2015...

CLIMATE NORMAL PERIOD 1981 TO 2010
CLIMATE RECORD PERIOD 1948 TO 2015


WEATHER ITEM   OBSERVED TIME   RECORD YEAR NORMAL DEPARTURE LAST
                VALUE   (LST)  VALUE       VALUE  FROM      YEAR
                                                  NORMAL
..................................................................
TEMPERATURE (F)
 YESTERDAY
  MAXIMUM         69   1224 PM  MM      MM  61      8       66
  MINIMUM         36    351 AM  MM      MM  41     -5       45
  AVERAGE         53                        51      2       56

PRECIPITATION (IN)
  YESTERDAY        0.00         MM      MM   0.12  -0.12      T
  MONTH TO DATE    0.00                      0.37  -0.37     0.54
  SINCE MAR 1      5.53                      7.53  -2.00     6.31
  SINCE JAN 1      7.80                     12.57  -4.77    11.10

DEGREE DAYS
 HEATING
  YESTERDAY       12                        14     -2        9
  MONTH TO DATE   42                        44     -2       38
  SINCE MAR 1   1884                      1705    179     1937
  SINCE JUL 1   7511                      7048    463     7443

 COOLING
  YESTERDAY        0                         0      0        0
  MONTH TO DATE    0                         0      0        0
  SINCE MAR 1      0                         0      0        0
  SINCE JAN 1      0                         0      0        0
..................................................................


WIND (MPH)
  HIGHEST WIND SPEED    14   HIGHEST WIND DIRECTION     S (160)
  HIGHEST GUST SPEED    20   HIGHEST GUST DIRECTION     S (190)
  AVERAGE WIND SPEED     5.7


SKY COVER
  AVERAGE SKY COVER 0.4


WEATHER CONDITIONS
 THE FOLLOWING WEATHER WAS RECORDED YESTERDAY.
  FOG
  FOG W/VISIBILITY <= 1/4 MILE


RELATIVE HUMIDITY (PERCENT)
 HIGHEST   100           300 AM
 LOWEST     37           100 PM
 AVERAGE    69

..........................................................


THE AUGUSTA CLIMATE NORMALS FOR TODAY
                         NORMAL
 MAXIMUM TEMPERATURE (F)   61
 MINIMUM TEMPERATURE (F)   41


SUNRISE AND SUNSET
MAY  4 2015...........SUNRISE   526 AM EDT   SUNSET   746 PM EDT
MAY  5 2015...........SUNRISE   525 AM EDT   SUNSET   748 PM EDT


-  INDICATES NEGATIVE NUMBERS.
R  INDICATES RECORD WAS SET OR TIED.
MM INDICATES DATA IS MISSING.
T  INDICATES TRACE AMOUNT.




$$
