000
CDUS42 KGSP 250629
CLIAVL

CLIMATE REPORT
NATIONAL WEATHER SERVICE GREENVILLE-SPARTANBURG SC
229 AM EDT SAT APR 25 2015


...................................

...THE ASHEVILLE NC CLIMATE SUMMARY FOR APRIL 24 2015...

CLIMATE NORMAL PERIOD 1981 TO 2010
CLIMATE RECORD PERIOD 1869 TO 2015


WEATHER ITEM   OBSERVED TIME   RECORD YEAR NORMAL DEPARTURE LAST
                VALUE   (LST)  VALUE       VALUE  FROM      YEAR
                                                  NORMAL
..................................................................
TEMPERATURE (F)
 YESTERDAY
  MAXIMUM         70    353 PM  89    1925  70      0       71
  MINIMUM         42    631 AM  26    1893  45     -3       38
  AVERAGE         56                        58     -2       55

PRECIPITATION (IN)
  YESTERDAY        0.00          1.11 1952   0.11  -0.11     0.00
  MONTH TO DATE    4.62                      2.65   1.97     4.27
  SINCE MAR 1      6.74                      6.48   0.26     6.57
  SINCE JAN 1     12.58                     13.91  -1.33    11.92

SNOWFALL (IN)
  YESTERDAY        0.0           0.1  2005   0.0             0.0
  MONTH TO DATE    0.0                       0.7             0.0
  SINCE MAR 1      T                         2.6             0.4
  SINCE JUL 1     13.3                       9.9             9.8
  SNOW DEPTH       0

DEGREE DAYS
 HEATING
  YESTERDAY        9                         8      1       10
  MONTH TO DATE  155                       259   -104      254
  SINCE MAR 1    580                       814   -234      883
  SINCE JUL 1   3889                      4031   -142     4202

 COOLING
  YESTERDAY        0                         0      0        0
  MONTH TO DATE   19                         0     19        0
  SINCE MAR 1     19                         1     18        0
  SINCE JAN 1     19                         1     18        0
..................................................................


WIND (MPH)
  HIGHEST WIND SPEED    17   HIGHEST WIND DIRECTION     N (340)
  HIGHEST GUST SPEED    23   HIGHEST GUST DIRECTION     N (10)
  AVERAGE WIND SPEED     6.3


SKY COVER
  POSSIBLE SUNSHINE  MM
  AVERAGE SKY COVER 0.0


WEATHER CONDITIONS
 THE FOLLOWING WEATHER WAS RECORDED YESTERDAY.
  NO SIGNIFICANT WEATHER WAS OBSERVED.


RELATIVE HUMIDITY (PERCENT)
 HIGHEST    59          1100 PM
 LOWEST     16           400 PM
 AVERAGE    38

..........................................................


THE ASHEVILLE NC CLIMATE NORMALS FOR TODAY
                         NORMAL    RECORD    YEAR
 MAXIMUM TEMPERATURE (F)   70        88      1960
                                             1896
 MINIMUM TEMPERATURE (F)   45        32      1969
                                             1927
                                             1910


SUNRISE AND SUNSET
APRIL 25 2015.........SUNRISE   646 AM EDT   SUNSET   811 PM EDT
APRIL 26 2015.........SUNRISE   645 AM EDT   SUNSET   812 PM EDT


-  INDICATES NEGATIVE NUMBERS.
R  INDICATES RECORD WAS SET OR TIED.
MM INDICATES DATA IS MISSING.
T  INDICATES TRACE AMOUNT.




$$
