000
CDUS45 KCYS 020729
CLIBFF


CLIMATE REPORT
NATIONAL WEATHER SERVICE CHEYENNE WY
129 AM MDT THU APR 2 2015


...................................

...THE SCOTTSBLUFF NE AIRPORT CLIMATE SUMMARY FOR APRIL 1 2015...

CLIMATE NORMAL PERIOD 1981 TO 2010
CLIMATE RECORD PERIOD 1871 TO 2015


WEATHER ITEM   OBSERVED TIME   RECORD YEAR NORMAL DEPARTURE LAST
                VALUE   (LST)  VALUE       VALUE  FROM      YEAR
                                                  NORMAL
..................................................................
TEMPERATURE (F)
 YESTERDAY
  MAXIMUM         74   1202 PM  88    2012  57     17       54
  MINIMUM         32   1159 PM  -5    1975  28      4       24
  AVERAGE         53                        42     11       39

PRECIPITATION (IN)
  YESTERDAY        T             0.63 1905   0.05  -0.05      T
  MONTH TO DATE    T                         0.05  -0.05      T
  SINCE JAN 1      1.11                      2.06  -0.95     2.45

SNOWFALL (IN)
  YESTERDAY        0.0           4.4  1975   0.3   -0.3       T
  MONTH TO DATE    0.0                       0.3   -0.3       T
  SINCE JUL 1     43.2                      36.5    6.7     60.4
  SNOW DEPTH       0

DEGREE DAYS
 HEATING
  YESTERDAY       12                        23    -11       26
  MONTH TO DATE   12                        23    -11       26
  SINCE MAR 1    632                       852   -220      856
  SINCE JUL 1   5347                      5764   -417     5889

 COOLING
  YESTERDAY        0                         0      0        0
  MONTH TO DATE    0                         0      0        0
  SINCE MAR 1      0                         0      0        0
  SINCE JAN 1      0                         0      0        0
..................................................................


WIND (MPH)
  HIGHEST WIND SPEED    31   HIGHEST WIND DIRECTION     W (290)
  HIGHEST GUST SPEED    41   HIGHEST GUST DIRECTION    NW (320)
  AVERAGE WIND SPEED    13.5


SKY COVER
  AVERAGE SKY COVER 0.0


WEATHER CONDITIONS
 THE FOLLOWING WEATHER WAS RECORDED YESTERDAY.
  LIGHT RAIN


RELATIVE HUMIDITY (PERCENT)
 HIGHEST    64          1100 PM
 LOWEST     14           300 PM
 AVERAGE    39

..........................................................


THE SCOTTSBLUFF NE AIRPORT CLIMATE NORMALS FOR TODAY
                         NORMAL    RECORD    YEAR
 MAXIMUM TEMPERATURE (F)   57        85      2011
 MINIMUM TEMPERATURE (F)   28        -8      1975


SUNRISE AND SUNSET
APRIL  2 2015.........SUNRISE   636 AM MDT   SUNSET   721 PM MDT
APRIL  3 2015.........SUNRISE   634 AM MDT   SUNSET   722 PM MDT


-  INDICATES NEGATIVE NUMBERS.
R  INDICATES RECORD WAS SET OR TIED.
MM INDICATES DATA IS MISSING.
T  INDICATES TRACE AMOUNT.




$$
