000
CDUS44 KAMA 050627
CLIBGD


CLIMATE REPORT
NATIONAL WEATHER SERVICE AMARILLO TX
127 AM CDT TUE MAY 5 2015


...................................

...THE BORGER CLIMATE SUMMARY FOR MAY 4 2015...

CLIMATE NORMAL PERIOD 1981 TO 2013
CLIMATE RECORD PERIOD 1949 TO 2015


WEATHER ITEM   OBSERVED TIME   RECORD YEAR NORMAL DEPARTURE LAST
                VALUE   (LST)  VALUE       VALUE  FROM      YEAR
                                                  NORMAL
..................................................................
TEMPERATURE (F)
 YESTERDAY
  MAXIMUM         80   1249 PM  99    2014  77      3       99
  MINIMUM         59    633 PM  30    1978  51      8       69
  AVERAGE         70                        64      6       84

PRECIPITATION (IN)
  YESTERDAY        0.43          3.79 1959   0.05   0.38     0.00
  MONTH TO DATE    0.53                      0.19   0.34      T
  SINCE MAR 1      5.20                      3.14   2.06     0.20
  SINCE JAN 1      7.05                      4.35   2.70     0.58

SNOWFALL (IN)
  YESTERDAY        0.0           T    1979                   0.0
  MONTH TO DATE    0.0                                       0.0
  SINCE MAR 1      T                                         2.1
  SINCE JUL 1     17.5                                      14.7
  SNOW DEPTH       0

DEGREE DAYS
 HEATING
  YESTERDAY        0                         4     -4        0
  MONTH TO DATE    0                        16    -16       21
  SINCE MAR 1    501                       726   -225      725
  SINCE JUL 1   3373                      3719   -346     3803

 COOLING
  YESTERDAY        5                         3      2       19
  MONTH TO DATE   26                        11     15       29
  SINCE MAR 1     82                        55     27       94
  SINCE JAN 1     82                        55     27       94
..................................................................


WIND (MPH)
  RESULTANT WIND SPEED   7   RESULTANT WIND DIRECTION  SE (150)
  HIGHEST WIND SPEED    29   HIGHEST WIND DIRECTION     S (180)
  HIGHEST GUST SPEED    39   HIGHEST GUST DIRECTION     S (180)
  AVERAGE WIND SPEED     9.3


SKY COVER
  AVERAGE SKY COVER 0.2


WEATHER CONDITIONS
 THE FOLLOWING WEATHER WAS RECORDED YESTERDAY.
  THUNDERSTORM
  HEAVY RAIN
  LIGHT RAIN


RELATIVE HUMIDITY (PERCENT)
 HIGHEST    78           600 AM
 LOWEST     36          1200 PM
 AVERAGE    57

..........................................................


THE BORGER CLIMATE NORMALS FOR TODAY
                         NORMAL    RECORD    YEAR
 MAXIMUM TEMPERATURE (F)   78        99      2014
 MINIMUM TEMPERATURE (F)   51        36      1991


SUNRISE AND SUNSET
MAY  5 2015...........SUNRISE   650 AM CDT   SUNSET   835 PM CDT
MAY  6 2015...........SUNRISE   649 AM CDT   SUNSET   836 PM CDT


-  INDICATES NEGATIVE NUMBERS.
R  INDICATES RECORD WAS SET OR TIED.
MM INDICATES DATA IS MISSING.
T  INDICATES TRACE AMOUNT.




$$
