000
CDUS41 KCAR 030527
CLIBGR


CLIMATE REPORT
NATIONAL WEATHER SERVICE CARIBOU, ME
127 AM EDT SUN MAY 3 2015


...................................

...THE BANGOR ME CLIMATE SUMMARY FOR MAY 2 2015...

CLIMATE NORMAL PERIOD 1981 TO 2010
CLIMATE RECORD PERIOD 1925 TO 2015


WEATHER ITEM   OBSERVED TIME   RECORD YEAR NORMAL DEPARTURE LAST
                VALUE   (LST)  VALUE       VALUE  FROM      YEAR
                                                  NORMAL
..................................................................
TEMPERATURE (F)
 YESTERDAY
  MAXIMUM         62    223 PM  90    2001  60      2       64
  MINIMUM         29    323 AM  23    1943  38     -9       41
  AVERAGE         46                        49     -3       53

PRECIPITATION (IN)
  YESTERDAY        0.00          1.29 1989   0.11  -0.11     0.02
  MONTH TO DATE    0.00                      0.23  -0.23     0.61
  SINCE MAR 1      3.84                      7.23  -3.39     6.54
  SINCE JAN 1      8.73                     12.64  -3.91    11.71

SNOWFALL (IN)
  YESTERDAY        0.0           0.5  1961   0.0             0.0
  MONTH TO DATE    0.0                       0.0             0.0
  SINCE MAR 1     21.9                      15.4            16.8
  SINCE JUL 1    139.0                      66.1            80.0
  SNOW DEPTH       0

DEGREE DAYS
 HEATING
  YESTERDAY       19                        16      3       12
  MONTH TO DATE   36                        32      4       33
  SINCE MAR 1   2011                      1784    227     2026
  SINCE JUL 1   7901                      7430    471     7778

 COOLING
  YESTERDAY        0                         0      0        0
  MONTH TO DATE    0                         0      0        0
  SINCE MAR 1      0                         0      0        0
  SINCE JAN 1      0                         0      0        0
..................................................................


WIND (MPH)
  RESULTANT WIND SPEED   7   RESULTANT WIND DIRECTION   S (180)
  HIGHEST WIND SPEED    18   HIGHEST WIND DIRECTION     S (170)
  HIGHEST GUST SPEED    23   HIGHEST GUST DIRECTION     S (180)


SKY COVER
  POSSIBLE SUNSHINE  MM
  AVERAGE SKY COVER 0.4


WEATHER CONDITIONS
 THE FOLLOWING WEATHER WAS RECORDED YESTERDAY.
  FOG


RELATIVE HUMIDITY (PERCENT)
 HIGHEST   100
 LOWEST     42
 AVERAGE    71

..........................................................


THE BANGOR ME CLIMATE NORMALS FOR TODAY
                         NORMAL    RECORD    YEAR
 MAXIMUM TEMPERATURE (F)   61        91      2001
 MINIMUM TEMPERATURE (F)   38        23      1946


SUNRISE AND SUNSET
MAY  3 2015...........SUNRISE   523 AM EDT   SUNSET   742 PM EDT
MAY  4 2015...........SUNRISE   521 AM EDT   SUNSET   744 PM EDT


-  INDICATES NEGATIVE NUMBERS.
R  INDICATES RECORD WAS SET OR TIED.
MM INDICATES DATA IS MISSING.
T  INDICATES TRACE AMOUNT.




$$
