000
CDUS46 KBOI 260931
CLIBKE


CLIMATE REPORT
NATIONAL WEATHER SERVICE BOISE ID
330 AM MDT SUN APR 26 2015


...................................

...THE BAKER OR CLIMATE SUMMARY FOR APRIL 25 2015...

CLIMATE NORMAL PERIOD 1981 TO 2010
CLIMATE RECORD PERIOD 1948 TO 2015


WEATHER ITEM   OBSERVED TIME   RECORD YEAR NORMAL DEPARTURE LAST
                VALUE   (LST)  VALUE       VALUE  FROM      YEAR
                                                  NORMAL
..................................................................
TEMPERATURE (F)
 YESTERDAY
  MAXIMUM         50    103 PM  86    1977  60    -10       47
  MINIMUM         25    458 AM  18    2009  31     -6       30
  AVERAGE         38                        45     -7       39

PRECIPITATION (IN)
  YESTERDAY        T             0.45 1967   0.04  -0.04     0.07
  MONTH TO DATE    0.62                      0.68  -0.06     0.52
  SINCE OCT 1      4.44                      5.39  -0.95     4.42
  SINCE JAN 1      2.24                      2.88  -0.64     3.25

DEGREE DAYS
 HEATING
  YESTERDAY       27                        20      7       26
  MONTH TO DATE  570                       552     18      523
  SINCE MAR 1   1272                      1400   -128     1278
  SINCE JUL 1   5948                      6920   -972     6804

 COOLING
  YESTERDAY        0                         0      0        0
  MONTH TO DATE    0                         0      0        0
  SINCE MAR 1      0                         0      0        0
  SINCE JAN 1      0                         0      0        0
..................................................................


WIND (MPH)
  RESULTANT WIND SPEED   4   RESULTANT WIND DIRECTION   W (280)
  HIGHEST WIND SPEED    26   HIGHEST WIND DIRECTION    NW (310)
  HIGHEST GUST SPEED    36   HIGHEST GUST DIRECTION    NW (320)
  AVERAGE WIND SPEED     8.6


SKY COVER
  AVERAGE SKY COVER 0.2


WEATHER CONDITIONS
 THE FOLLOWING WEATHER WAS RECORDED YESTERDAY.
  LIGHT RAIN


RELATIVE HUMIDITY (PERCENT)
 HIGHEST    85          1000 PM
 LOWEST     49          1000 AM
 AVERAGE    67

..........................................................


THE BAKER OR CLIMATE NORMALS FOR TODAY
                         NORMAL    RECORD    YEAR
 MAXIMUM TEMPERATURE (F)   61        81      2001
 MINIMUM TEMPERATURE (F)   31        14      2008


SUNRISE AND SUNSET
APRIL 26 2015.........SUNRISE   549 AM PDT   SUNSET   750 PM PDT
APRIL 27 2015.........SUNRISE   547 AM PDT   SUNSET   751 PM PDT


-  INDICATES NEGATIVE NUMBERS.
R  INDICATES RECORD WAS SET OR TIED.
MM INDICATES DATA IS MISSING.
T  INDICATES TRACE AMOUNT.




$$
