000
CDUS46 KSEW 040125
CLIBLI


CLIMATE REPORT
NATIONAL WEATHER SERVICE SEATTLE WA
625 PM PDT SUN MAY 3 2015


...................................

...THE BELLINGHAM WA AIRPORT CLIMATE SUMMARY FOR MAY 3 2015...
VALID TODAY AS OF 0600 PM LOCAL TIME.

CLIMATE NORMAL PERIOD 1981 TO 2010
CLIMATE RECORD PERIOD 1949 TO 2015


WEATHER ITEM   OBSERVED TIME   RECORD YEAR NORMAL DEPARTURE LAST
                VALUE   (LST)  VALUE       VALUE  FROM      YEAR
                                                  NORMAL
..................................................................
TEMPERATURE (F)
 TODAY
  MAXIMUM         65    457 PM  74    1992  60      5       60
  MINIMUM         36    414 AM  32    2006  43     -7       50
                                      1956
  AVERAGE         51                        51      0       55

PRECIPITATION (IN)
  TODAY            0.00          0.67 1986   0.08  -0.08     0.11
  MONTH TO DATE    0.00                      0.24  -0.24     0.32
  SINCE OCT 1     28.70                     27.54   1.16    25.02
  SINCE JAN 1     13.97                     13.84   0.13    14.71

DEGREE DAYS
 HEATING
  TODAY           14                        14      0       10
  MONTH TO DATE   39                        42     -3       21
  SINCE MAR 1   1014                      1183   -169     1036

 COOLING
  TODAY            0                         0      0        0
  MONTH TO DATE    0                         0      0        0
  SINCE MAR 1      0                         0      0        0
  SINCE JAN 1      0                         0      0        0
..................................................................


WIND (MPH)
  RESULTANT WIND SPEED   2   RESULTANT WIND DIRECTION   W (290)
  HIGHEST WIND SPEED    10   HIGHEST WIND DIRECTION     W (290)
  HIGHEST GUST SPEED    15   HIGHEST GUST DIRECTION     W (290)
  AVERAGE WIND SPEED     2.5


SKY COVER
  AVERAGE SKY COVER 0.0


WEATHER CONDITIONS
 THE FOLLOWING WEATHER WAS RECORDED TODAY.
  NO SIGNIFICANT WEATHER WAS OBSERVED.


RELATIVE HUMIDITY (PERCENT)
 HIGHEST    92           300 AM
 LOWEST     34           500 PM
 AVERAGE    63

..........................................................


THE BELLINGHAM WA AIRPORT CLIMATE NORMALS FOR TOMORROW
                         NORMAL    RECORD    YEAR
 MAXIMUM TEMPERATURE (F)   60        80      1953
 MINIMUM TEMPERATURE (F)   43        30      1949


SUNRISE AND SUNSET
MAY  3 2015...........SUNRISE   547 AM PDT   SUNSET   828 PM PDT
MAY  4 2015...........SUNRISE   545 AM PDT   SUNSET   830 PM PDT


-  INDICATES NEGATIVE NUMBERS.
R  INDICATES RECORD WAS SET OR TIED.
MM INDICATES DATA IS MISSING.
T  INDICATES TRACE AMOUNT.




$$
