000
CDUS45 KBOI 260121
CLIBNO


CLIMATE REPORT
NATIONAL WEATHER SERVICE BOISE ID
721 PM MDT SAT APR 25 2015


...................................

...THE BURNS OR CLIMATE SUMMARY FOR APRIL 25 2015...
VALID TODAY AS OF 0600 PM LOCAL TIME.

CLIMATE NORMAL PERIOD 1981 TO 2010
CLIMATE RECORD PERIOD 1938 TO 2015


WEATHER ITEM   OBSERVED TIME   RECORD YEAR NORMAL DEPARTURE LAST
                VALUE   (LST)  VALUE       VALUE  FROM      YEAR
                                                  NORMAL
..................................................................
TEMPERATURE (F)
 TODAY
  MAXIMUM         53    111 PM  86    1946  60     -7       50
  MINIMUM         27    522 AM  19    2013  31     -4       31
                                      1944
  AVERAGE         40                        45     -5       41

PRECIPITATION (IN)
  TODAY            T             0.64 1978   0.03  -0.03     0.34
  MONTH TO DATE    0.15                      0.78  -0.63     1.08
  SINCE OCT 1      6.75                      7.58  -0.83     5.49
  SINCE JAN 1      2.25                      4.08  -1.83     4.52

DEGREE DAYS
 HEATING
  TODAY           25                        20      5       24
  MONTH TO DATE  586                       560     26      526
  SINCE MAR 1   1268                      1417   -149     1310
  SINCE JUL 1   5742                      6945  -1203     6593

 COOLING
  TODAY            0                         0      0        0
  MONTH TO DATE    0                         0      0        0
  SINCE MAR 1      0                         0      0        0
  SINCE JAN 1      0                         0      0        0
..................................................................


WIND (MPH)
  HIGHEST WIND SPEED    30   HIGHEST WIND DIRECTION    NW (300)
  HIGHEST GUST SPEED    40   HIGHEST GUST DIRECTION     W (250)
  AVERAGE WIND SPEED    10.2



WEATHER CONDITIONS
 THE FOLLOWING WEATHER WAS RECORDED TODAY.
  LIGHT RAIN


RELATIVE HUMIDITY (PERCENT)
 HIGHEST    78           200 AM
 LOWEST     32           100 PM
 AVERAGE    55

..........................................................


THE BURNS OR CLIMATE NORMALS FOR TOMORROW
                         NORMAL    RECORD    YEAR
 MAXIMUM TEMPERATURE (F)   60        82      1987
 MINIMUM TEMPERATURE (F)   31        18      2008


SUNRISE AND SUNSET
APRIL 25 2015.........SUNRISE   557 AM PDT   SUNSET   751 PM PDT
APRIL 26 2015.........SUNRISE   556 AM PDT   SUNSET   752 PM PDT


-  INDICATES NEGATIVE NUMBERS.
R  INDICATES RECORD WAS SET OR TIED.
MM INDICATES DATA IS MISSING.
T  INDICATES TRACE AMOUNT.




$$
