000
CDUS43 KDVN 210943
CLIBRL


CLIMATE REPORT
NATIONAL WEATHER SERVICE QUAD CITIES IA IL
442 AM CDT TUE APR 21 2015


...................................

...THE BURLINGTON IA CLIMATE SUMMARY FOR APRIL 20 2015...

CLIMATE NORMAL PERIOD 1981 TO 2010
CLIMATE RECORD PERIOD 1897 TO 2015


WEATHER ITEM   OBSERVED TIME   RECORD YEAR NORMAL DEPARTURE LAST
                VALUE   (LST)  VALUE       VALUE  FROM      YEAR
                                                  NORMAL
..................................................................
TEMPERATURE (F)
 YESTERDAY
  MAXIMUM         52    559 PM  89    1987  67    -15       82
  MINIMUM         42   1149 PM  28    1956  44     -2       53
                                      1953
  AVERAGE         47                        55     -8       68

PRECIPITATION (IN)
  YESTERDAY        0.02         MM      MM   0.14  -0.12     0.00
  MONTH TO DATE    1.18                      2.31  -1.13     2.30
  SINCE MAR 1      1.48                      5.10  -3.62     3.47
  SINCE JAN 1      3.90                      7.96  -4.06     7.84

DEGREE DAYS
 HEATING
  YESTERDAY       18                        10      8        0
  MONTH TO DATE  167                       270   -103      309
  SINCE MAR 1    933                       998    -65     1274
  SINCE JUL 1   5864                      5376    488     6597

 COOLING
  YESTERDAY        0                         1     -1        3
  MONTH TO DATE    3                        10     -7        8
  SINCE MAR 1      3                        12     -9        8
  SINCE JAN 1      3                        12     -9        8
..................................................................


WIND (MPH)
  HIGHEST WIND SPEED    26   HIGHEST WIND DIRECTION    NW (310)
  HIGHEST GUST SPEED    40   HIGHEST GUST DIRECTION     W (280)
  AVERAGE WIND SPEED    15.6


SKY COVER
  POSSIBLE SUNSHINE  MM
  AVERAGE SKY COVER 0.8


WEATHER CONDITIONS
 THE FOLLOWING WEATHER WAS RECORDED YESTERDAY.
  FOG


RELATIVE HUMIDITY (PERCENT)
 HIGHEST    93          1200 AM
 LOWEST     41           600 PM
 AVERAGE    67

..........................................................


THE BURLINGTON IA CLIMATE NORMALS FOR TODAY
                         NORMAL    RECORD    YEAR
 MAXIMUM TEMPERATURE (F)   67        88      1902
 MINIMUM TEMPERATURE (F)   45        27      1986


SUNRISE AND SUNSET
APRIL 21 2015.........SUNRISE   617 AM CDT   SUNSET   750 PM CDT
APRIL 22 2015.........SUNRISE   616 AM CDT   SUNSET   751 PM CDT


-  INDICATES NEGATIVE NUMBERS.
R  INDICATES RECORD WAS SET OR TIED.
MM INDICATES DATA IS MISSING.
T  INDICATES TRACE AMOUNT.




$$
