000
CDUS44 KLIX 270704
CLIBTR


CLIMATE REPORT
NATIONAL WEATHER SERVICE NEW ORLEANS
203 AM CDT MON APR 27 2015


...................................

...THE BATON ROUGE  ASOS CLIMATE SUMMARY FOR APRIL 26 2015...

CLIMATE NORMAL PERIOD 1981 TO 2010
CLIMATE RECORD PERIOD 1894 TO 2015


WEATHER ITEM   OBSERVED TIME   RECORD YEAR NORMAL DEPARTURE LAST
                VALUE   (LST)  VALUE       VALUE  FROM      YEAR
                                                  NORMAL
..................................................................
TEMPERATURE (F)
 YESTERDAY
  MAXIMUM         84    146 PM  89    1989  82      2       88
                                      1963
  MINIMUM         64    356 AM  46    2001  60      4       64
                                      1983
  AVERAGE         74                        71      3       76

PRECIPITATION (IN)
  YESTERDAY        0.00          2.57 1907   0.14  -0.14     0.00
  MONTH TO DATE    6.06                      3.91   2.15     3.51
  SINCE MAR 1      9.44                      8.32   1.12     6.73
  SINCE JAN 1     19.19                     19.08   0.11    16.00

SNOWFALL (IN)
  YESTERDAY        0.0
  MONTH TO DATE    0.0
  SINCE MAR 1      T
  SINCE JUL 1      T
  SNOW DEPTH       0

DEGREE DAYS
 HEATING
  YESTERDAY        0                         1     -1        0
  MONTH TO DATE    4                        50    -46       51
  SINCE MAR 1     97                       217   -120      272
  SINCE JUL 1   1639                      1552     87     1978

 COOLING
  YESTERDAY        9                         6      3       11
  MONTH TO DATE  200                       115     85      119
  SINCE MAR 1    303                       173    130      145
  SINCE JAN 1    307                       204    103      165
..................................................................


WIND (MPH)
  HIGHEST WIND SPEED     8   HIGHEST WIND DIRECTION    SE (120)
  HIGHEST GUST SPEED    31   HIGHEST GUST DIRECTION    NW (330)
  AVERAGE WIND SPEED     2.5


SKY COVER
  POSSIBLE SUNSHINE  MM
  AVERAGE SKY COVER 0.5


WEATHER CONDITIONS
 THE FOLLOWING WEATHER WAS RECORDED YESTERDAY.
  FOG
  FOG W/VISIBILITY <= 1/4 MILE
  HAZE


RELATIVE HUMIDITY (PERCENT)
 HIGHEST   100          1200 AM
 LOWEST     65           200 PM
 AVERAGE    83

..........................................................


THE BATON ROUGE  ASOS CLIMATE NORMALS FOR TODAY
                         NORMAL    RECORD    YEAR
 MAXIMUM TEMPERATURE (F)   82        90      1963
 MINIMUM TEMPERATURE (F)   60        47      1992
                                             1908
                                             1903


SUNRISE AND SUNSET
APRIL 27 2015.........SUNRISE   625 AM CDT   SUNSET   740 PM CDT
APRIL 28 2015.........SUNRISE   624 AM CDT   SUNSET   741 PM CDT


-  INDICATES NEGATIVE NUMBERS.
R  INDICATES RECORD WAS SET OR TIED.
MM INDICATES DATA IS MISSING.
T  INDICATES TRACE AMOUNT.




$$
