000
CDUS41 KBTV 040548
CLIBTV


CLIMATE REPORT
NATIONAL WEATHER SERVICE BURLINGTON VT
148 AM EDT MON MAY 4 2015


...................................

...THE BURLINGTON VT CLIMATE SUMMARY FOR MAY 3 2015...

CLIMATE NORMAL PERIOD 1981 TO 2010
CLIMATE RECORD PERIOD 1884 TO 2015


WEATHER ITEM   OBSERVED TIME   RECORD YEAR NORMAL DEPARTURE LAST
                VALUE   (LST)  VALUE       VALUE  FROM      YEAR
                                                  NORMAL
..................................................................
TEMPERATURE (F)
 YESTERDAY
  MAXIMUM         78    420 PM  89    2001  63     15       64
  MINIMUM         45    452 AM  24    1966  41      4       47
  AVERAGE         62                        52     10       56

PRECIPITATION (IN)
  YESTERDAY        0.00          1.19 1929   0.10  -0.10     0.03
  MONTH TO DATE    0.00                      0.29  -0.29     0.13
  SINCE MAR 1      3.54                      5.33  -1.79     5.67
  SINCE JAN 1      5.92                      9.15  -3.23     9.95

SNOWFALL (IN)
  YESTERDAY        0.0           2.8  1908   0.0    0.0      0.0
  MONTH TO DATE    0.0                       0.1   -0.1      0.0
  SINCE MAR 1      7.5                      20.5  -13.0     28.2
  SINCE JUL 1     83.4                      81.3    2.1     86.5
  SNOW DEPTH       0

DEGREE DAYS
 HEATING
  YESTERDAY        3                        13    -10        9
  MONTH TO DATE   18                        41    -23       28
  SINCE MAR 1   1807                      1705    102     1955
  SINCE JUL 1   7324                      7115    209     7420

 COOLING
  YESTERDAY        0                         0      0        0
  MONTH TO DATE    0                         0      0        0
  SINCE MAR 1      0                         2     -2        0
  SINCE JAN 1      0                         2     -2        0
..................................................................


WIND (MPH)
  HIGHEST WIND SPEED    16   HIGHEST WIND DIRECTION     S (190)
  HIGHEST GUST SPEED    20   HIGHEST GUST DIRECTION     S (190)
  AVERAGE WIND SPEED     4.6


SKY COVER
  POSSIBLE SUNSHINE  MM
  AVERAGE SKY COVER 0.4


WEATHER CONDITIONS
 THE FOLLOWING WEATHER WAS RECORDED YESTERDAY.
  NO SIGNIFICANT WEATHER WAS OBSERVED.


RELATIVE HUMIDITY (PERCENT)
 HIGHEST    71           600 AM
 LOWEST     20           200 PM
 AVERAGE    46

..........................................................


THE BURLINGTON VT CLIMATE NORMALS FOR TODAY
                         NORMAL    RECORD    YEAR
 MAXIMUM TEMPERATURE (F)   63        89      1944
 MINIMUM TEMPERATURE (F)   42        27      1961
                                             1946


SUNRISE AND SUNSET
MAY  4 2015...........SUNRISE   539 AM EDT   SUNSET   800 PM EDT
MAY  5 2015...........SUNRISE   538 AM EDT   SUNSET   801 PM EDT


-  INDICATES NEGATIVE NUMBERS.
R  INDICATES RECORD WAS SET OR TIED.
MM INDICATES DATA IS MISSING.
T  INDICATES TRACE AMOUNT.

&&

LAKE CHAMPLAIN DATA:
LAKE LEVEL..........97.73 FEET
WATER TEMPERATURE...41 DEGREES

MOUNT MANSFIELD DATA:
HIGH TEMPERATURE...61 DEGREES
LOW TEMPERATURE....40 DEGREES
PRECIPITATION......NONE
NEW SNOW...........NONE
SNOW AT STAKE......64 INCHES

$$
