000
CDUS46 KLOX 280114
CLIBUR


CLIMATE REPORT
NATIONAL WEATHER SERVICE LOS ANGELES/OXNARD CA
614 PM PDT MON APR 27 2015


...................................

...THE BOB HOPE AIRPORT (BURBANK) CA CLIMATE SUMMARY FOR APRIL 27 2015...
VALID TODAY AS OF 0600 PM LOCAL TIME.

CLIMATE NORMAL PERIOD 1981 TO 2010
CLIMATE RECORD PERIOD 1939 TO 2015


WEATHER ITEM   OBSERVED TIME   RECORD YEAR NORMAL DEPARTURE LAST
                VALUE   (LST)  VALUE       VALUE  FROM      YEAR
                                                  NORMAL
..................................................................
TEMPERATURE (F)
 TODAY
  MAXIMUM         86   1116 AM 100    2004  75     11       74
  MINIMUM         56    509 AM  39    1971  52      4       50
  AVERAGE         71                        63      8       62

PRECIPITATION (IN)
  TODAY            0.00          1.10 1944   0.02  -0.02     0.00
  MONTH TO DATE    0.25                      1.03  -0.78     0.04
  SINCE OCT 1      7.28                     16.45  -9.17     5.54
  SINCE JAN 1      2.78                     12.01  -9.23     4.91

SNOWFALL (IN)
  TODAY            0.0
  MONTH TO DATE    0.0
  SINCE MAR 1      0.0
  SINCE JUL 1      0.0

DEGREE DAYS
 HEATING
  TODAY            0                         3     -3        3
  MONTH TO DATE   63                       130    -67       72
  SINCE MAR 1    112                       348   -236      160
  SINCE JUL 1    669                      1489   -820      637

 COOLING
  TODAY            6                         2      4        0
  MONTH TO DATE   32                        33     -1       53
  SINCE MAR 1    161                        43    118       73
  SINCE JAN 1    187                        49    138      133
..................................................................


WIND (MPH)
  HIGHEST WIND SPEED    22   HIGHEST WIND DIRECTION    NE (60)
  HIGHEST GUST SPEED    32   HIGHEST GUST DIRECTION    NE (50)
  AVERAGE WIND SPEED     6.8


SKY COVER
  POSSIBLE SUNSHINE  MM
  AVERAGE SKY COVER 0.0


WEATHER CONDITIONS
 THE FOLLOWING WEATHER WAS RECORDED TODAY.
  NO SIGNIFICANT WEATHER WAS OBSERVED.


RELATIVE HUMIDITY (PERCENT)
 HIGHEST    66           400 AM
 LOWEST      9          1100 AM
 AVERAGE    38

..........................................................


THE BOB HOPE AIRPORT (BURBANK) CA CLIMATE NORMALS FOR TOMORROW
                         NORMAL    RECORD    YEAR
 MAXIMUM TEMPERATURE (F)   75       101      1981
 MINIMUM TEMPERATURE (F)   52        38      1984


SUNRISE AND SUNSET
APRIL 27 2015.........SUNRISE   608 AM PDT   SUNSET   734 PM PDT
APRIL 28 2015.........SUNRISE   607 AM PDT   SUNSET   735 PM PDT


-  INDICATES NEGATIVE NUMBERS.
R  INDICATES RECORD WAS SET OR TIED.
MM INDICATES DATA IS MISSING.
T  INDICATES TRACE AMOUNT.




$$
