000
CDUS45 KTFX 251027
CLIBZN


CLIMATE REPORT
NATIONAL WEATHER SERVICE GREAT FALLS MT
426 AM MDT SAT APR 25 2015


...................................

...THE BOZEMAN/GALLATIN FIELD MT CLIMATE SUMMARY FOR APRIL 24 2015...

CLIMATE NORMAL PERIOD 1981 TO 2010
CLIMATE RECORD PERIOD 1935 TO 2015


WEATHER ITEM   OBSERVED TIME   RECORD YEAR NORMAL DEPARTURE LAST
                VALUE   (LST)  VALUE       VALUE  FROM      YEAR
                                                  NORMAL
..................................................................
TEMPERATURE (F)
 YESTERDAY
  MAXIMUM         60    131 PM  81    1962  62     -2       56
  MINIMUM         34    511 AM  17    2002  33      1       37
  AVERAGE         47                        47      0       47

PRECIPITATION (IN)
  YESTERDAY        0.20          0.64 1940   0.05   0.15      T
  MONTH TO DATE    1.35                      1.23   0.12     0.46
  SINCE OCT 1      4.12                      5.46  -1.34     3.95
  SINCE JAN 1      2.19                      3.08  -0.89     2.90

SNOWFALL (IN)
  YESTERDAY        T             2.8  1960   0.2   -0.2      0.0
  MONTH TO DATE    5.0                       6.5   -1.5      0.3
  SINCE MAR 1      7.0                      14.2   -7.2      4.8
  SINCE JUL 1     37.4                      36.5    0.9     29.8
  SNOW DEPTH       0

DEGREE DAYS
 HEATING
  YESTERDAY       18                        18      0       18
  MONTH TO DATE  579                       498     81      536
  SINCE MAR 1   1335                      1382    -47     1507
  SINCE JUL 1   6917                      6962    -45     7522

 COOLING
  YESTERDAY        0                         0      0        0
  MONTH TO DATE    0                         0      0        0
  SINCE MAR 1      0                         0      0        0
  SINCE JAN 1      0                         0      0        0
..................................................................


WIND (MPH)
  HIGHEST WIND SPEED    25   HIGHEST WIND DIRECTION     W (280)
  HIGHEST GUST SPEED    30   HIGHEST GUST DIRECTION     W (280)
  AVERAGE WIND SPEED     8.4


SKY COVER
  AVERAGE SKY COVER 0.6


WEATHER CONDITIONS
 THE FOLLOWING WEATHER WAS RECORDED YESTERDAY.
  MIXED PRECIP
  LIGHT RAIN
  FOG


RELATIVE HUMIDITY (PERCENT)
 HIGHEST    92
 LOWEST     39
 AVERAGE    66

..........................................................


THE BOZEMAN/GALLATIN FIELD MT CLIMATE NORMALS FOR TODAY
                         NORMAL    RECORD    YEAR
 MAXIMUM TEMPERATURE (F)   62        83      1946
 MINIMUM TEMPERATURE (F)   33        16      2002


SUNRISE AND SUNSET
APRIL 25 2015.........SUNRISE   622 AM MDT   SUNSET   824 PM MDT
APRIL 26 2015.........SUNRISE   620 AM MDT   SUNSET   825 PM MDT


-  INDICATES NEGATIVE NUMBERS.
R  INDICATES RECORD WAS SET OR TIED.
MM INDICATES DATA IS MISSING.
T  INDICATES TRACE AMOUNT.




$$
