000
CDUS41 KCAR 040527
CLICAR

CLIMATE REPORT
NATIONAL WEATHER SERVICE CARIBOU, ME
126 AM EDT MON MAY 4 2015


...................................

...THE CARIBOU ME CLIMATE SUMMARY FOR MAY 3 2015...

CLIMATE NORMAL PERIOD 1981 TO 2010
CLIMATE RECORD PERIOD 1939 TO 2015


WEATHER ITEM   OBSERVED TIME   RECORD YEAR NORMAL DEPARTURE LAST
                VALUE   (LST)  VALUE       VALUE  FROM      YEAR
                                                  NORMAL
..................................................................
TEMPERATURE (F)
 YESTERDAY
  MAXIMUM         70    358 PM  87    2001  57     13       58
  MINIMUM         36    406 AM  23    1946  37     -1       37
  AVERAGE         53                        47      6       48

PRECIPITATION (IN)
  YESTERDAY        0.00          0.86 1992   0.10  -0.10     0.01
  MONTH TO DATE    0.00                      0.29  -0.29     0.54
  SINCE MAR 1      4.00                      5.46  -1.46     8.35
  SINCE JAN 1      8.10                     10.38  -2.28    14.57

SNOWFALL (IN)
  YESTERDAY        0.0           0.4  1961   0.0    0.0      0.0
  MONTH TO DATE    0.0                       0.1   -0.1      0.0
  SINCE MAR 1     33.5                      25.8    7.7     51.3
  SINCE JUL 1    141.8                     108.3   33.5    150.7
  SNOW DEPTH       0

DEGREE DAYS
 HEATING
  YESTERDAY       12                        18     -6       17
  MONTH TO DATE   44                        56    -12       57
  SINCE MAR 1   2291                      2101    190     2425
  SINCE JUL 1   9032                      8822    210     9079

 COOLING
  YESTERDAY        0                         0      0        0
  MONTH TO DATE    0                         0      0        0
  SINCE MAR 1      0                         0      0        0
  SINCE JAN 1      0                         0      0        0
..................................................................


WIND (MPH)
  HIGHEST WIND SPEED    10   HIGHEST WIND DIRECTION    SE (120)
  HIGHEST GUST SPEED    12   HIGHEST GUST DIRECTION    SW (210)
  AVERAGE WIND SPEED     4.3


SKY COVER
  POSSIBLE SUNSHINE  MM
  AVERAGE SKY COVER 0.0


WEATHER CONDITIONS
 THE FOLLOWING WEATHER WAS RECORDED YESTERDAY.
  NO SIGNIFICANT WEATHER WAS OBSERVED.


RELATIVE HUMIDITY (PERCENT)
 HIGHEST    64           300 AM
 LOWEST     21           200 PM
 AVERAGE    43

..........................................................


THE CARIBOU ME CLIMATE NORMALS FOR TODAY
                         NORMAL    RECORD    YEAR
 MAXIMUM TEMPERATURE (F)   58        85      1999
                                             1944
 MINIMUM TEMPERATURE (F)   37        25      1986


SUNRISE AND SUNSET
MAY  4 2015...........SUNRISE   513 AM EDT   SUNSET   746 PM EDT
MAY  5 2015...........SUNRISE   511 AM EDT   SUNSET   747 PM EDT


-  INDICATES NEGATIVE NUMBERS.
R  INDICATES RECORD WAS SET OR TIED.
MM INDICATES DATA IS MISSING.
T  INDICATES TRACE AMOUNT.

.........................................

THE CARIBOU ME 4 INCH SOIL TEMPERATURES FOR MAY 03 2015

MAXIMUM SOIL TEMPERATURE (F) 51
MINIMUM SOIL TEMPERATURE (F) 44


$$
