000
CDAK48 PACD 051120
CLICDB

CLIMATE REPORT
NATIONAL WEATHER SERVICE COLD BAY, AK
320 AM AKDT TUE MAY 5 2015

...................................
...THE COLD BAY AP CLIMATE SUMMARY FOR MAY 4 2015...

CLIMATE NORMAL PERIOD  1981 TO  2010
CLIMATE RECORD PERIOD  1942 TO  2015

WEATHER ITEM   OBSERVED TIME    RECORD YEAR NORMAL DEPARTURE LAST
               VALUE    (LST)   VALUE       VALUE  FROM      YEAR
                                                   NORMAL
...................................................................
TEMPERATURE
YESTERDAY
 MAXIMUM            46  0225 PM    50  2010     43       3     45
 MINIMUM            40  0901 PM    23  2010     33       7     37
 AVERAGE            43                          38       5     41

PRECIPITATION
(INCHES)
 YESTERDAY        0.01           0.54  1998   0.08   -0.07   0.00
 MONTH TO DATE    0.09                        0.30   -0.21      T
 SINCE MAR 1      5.20                        5.42   -0.22   3.26
 SINCE JAN 1      7.71                       11.56   -3.85  11.71

SNOWFALL
(INCHES)
 YESTERDAY         0.0            2.7  1969    0.1    -0.1    0.0
 MONTH TO DATE     0.0                         0.4    -0.4    0.0
 SINCE MAR 1      13.6                        20.0    -6.4    8.2
 SINCE JUL 1      22.3                        72.2   -49.9   37.3
 SNOW DEPTH (IN)     0                                          0

DEGREE DAYS
 HEATING
  YESTERDAY         22                          27      -5     24
  MONTH TO DATE    100                         109      -9     92
  SINCE MAR 1     1948                        2118    -170   1829
  SINCE JUL 1     7321                        8342   -1021   6973

 COOLING
  YESTERDAY          0                           0       0      0
  MONTH TO DATE      0                           0       0      0
  SINCE MAR 1        0                           0       0      0
  SINCE JAN 1        0                           0       0      0
...................................................................

WIND (MPH)
 HIGHEST WIND SPEED    39     HIGHEST WIND DIRECTION    130
 HIGHEST GUST SPEED    49     HIGHEST GUST DIRECTION    120
 AVERAGE WIND SPEED  28.3

WEATHER CONDITIONS
 THE FOLLOWING WEATHER WAS RECORDED YESTERDAY.
  RAIN
...................................................................

THE COLD BAY CLIMATE NORMALS FOR TODAY
                           NORMAL    RECORD   YEAR
 MAXIMUM TEMPERATURE (F)     43        56     1963
 MINIMUM TEMPERATURE (F)     33        22     2010

SUNRISE AND SUNSET
 MAY 5 2015..........SUNRISE  7:02 AM      SUNSET 10:36 PM
 MAY 6 2015..........SUNRISE  7:00 AM      SUNSET 10:38 PM

-  INDICATES NEGATIVE NUMBERS.
R  INDICATES RECORD HAS BEEN SET OR TIED.
MM INDICATES DATA IS MISSING.
T  INDICATES TRACE OF PRECIPITATION.

&&
-------------------------------------------------------------------

AMOUNT OF DAYLIGHT TODAY  (HOUR:MIN)........15 HOURS 34 MINUTES
GAIN SINCE YESTERDAY  (HOUR:MIN:SEC)........+0:04:00

$$
DAB MAY 15
