000
CDUS42 KCHS 260542
CLICHS


CLIMATE REPORT
NATIONAL WEATHER SERVICE CHARLESTON SC
142 AM EDT SUN APR 26 2015


...................................

...THE NORTH CHARLESTON SC CLIMATE SUMMARY FOR APRIL 25 2015...

CLIMATE NORMAL PERIOD 1981 TO 2010
CLIMATE RECORD PERIOD 1938 TO 2015


WEATHER ITEM   OBSERVED TIME   RECORD YEAR NORMAL DEPARTURE LAST
                VALUE   (LST)  VALUE       VALUE  FROM      YEAR
                                                  NORMAL
..................................................................
TEMPERATURE (F)
 YESTERDAY
  MAXIMUM         77    544 PM  92    1958  79     -2       86
  MINIMUM         56   1238 AM  37    1974  56      0       61
  AVERAGE         67                        67      0       74

PRECIPITATION (IN)
  YESTERDAY        0.21          2.38 1982   0.09   0.12     0.00
  MONTH TO DATE    2.20                      2.44  -0.24     4.90
  SINCE MAR 1      4.46                      6.15  -1.69     9.83
  SINCE JAN 1     12.39                     12.82  -0.43    14.68

SNOWFALL (IN)
  YESTERDAY        0.0                       0.0    0.0
  SINCE MAR 1      0.0                       0.0    0.0
  SINCE JUL 1      T                         0.5   -0.5

DEGREE DAYS
 HEATING
  YESTERDAY        0                         2     -2        0
  MONTH TO DATE   15                        82    -67       38
  SINCE MAR 1    198                       321   -123      352
  SINCE JUL 1   1935                      1957    -22     1875

 COOLING
  YESTERDAY        2                         4     -2        9
  MONTH TO DATE  118                        64     54       90
  SINCE MAR 1    151                        91     60       99
  SINCE JAN 1    155                        98     57      109
..................................................................


WIND (MPH)
  HIGHEST WIND SPEED    24   HIGHEST WIND DIRECTION     S (190)
  HIGHEST GUST SPEED    35   HIGHEST GUST DIRECTION     S (190)
  AVERAGE WIND SPEED     7.9


SKY COVER
  POSSIBLE SUNSHINE  MM
  AVERAGE SKY COVER 0.8


WEATHER CONDITIONS
 THE FOLLOWING WEATHER WAS RECORDED YESTERDAY.
  THUNDERSTORM
  LIGHT RAIN
  FOG
  HAZE


RELATIVE HUMIDITY (PERCENT)
 HIGHEST    93          1100 AM
 LOWEST     67           400 AM
 AVERAGE    80

..........................................................


THE NORTH CHARLESTON SC CLIMATE NORMALS FOR TODAY
                         NORMAL    RECORD    YEAR
 MAXIMUM TEMPERATURE (F)   79        92      1989
 MINIMUM TEMPERATURE (F)   56        43      1974


SUNRISE AND SUNSET
APRIL 26 2015.........SUNRISE   638 AM EDT   SUNSET   758 PM EDT
APRIL 27 2015.........SUNRISE   637 AM EDT   SUNSET   759 PM EDT


-  INDICATES NEGATIVE NUMBERS.
R  INDICATES RECORD WAS SET OR TIED.
MM INDICATES DATA IS MISSING.
T  INDICATES TRACE AMOUNT.




$$
