000
CDUS43 KILX 020635
CLICMI


CLIMATE REPORT
NATIONAL WEATHER SERVICE LINCOLN IL
134 AM CDT THU APR 2 2015


...................................

...THE CHAMPAIGN IL AIRPORT CLIMATE SUMMARY FOR APRIL 1 2015...

CLIMATE NORMAL PERIOD 1981 TO 2010
CLIMATE RECORD PERIOD 9999 TO 9999


WEATHER ITEM   OBSERVED TIME   RECORD YEAR NORMAL DEPARTURE LAST
                VALUE   (LST)  VALUE       VALUE  FROM      YEAR
                                                  NORMAL
..................................................................
TEMPERATURE (F)
 YESTERDAY
  MAXIMUM         74    233 PM  MM      MM  58     16       57
  MINIMUM         34    417 AM  MM      MM  35     -1       35
  AVERAGE         54                        47      7       46

PRECIPITATION (IN)
  YESTERDAY        0.00         MM      MM   0.12  -0.12     0.03
  MONTH TO DATE    0.00                      0.12  -0.12     0.03
  SINCE MAR 1      1.10                      2.87  -1.77     1.42
  SINCE JAN 1      2.77                      6.94  -4.17     4.17

DEGREE DAYS
 HEATING
  YESTERDAY       11                        19     -8       19
  MONTH TO DATE   11                        19     -8       19
  SINCE MAR 1    879                       775    104      942
  SINCE JUL 1   5755                      5277    478     6023

 COOLING
  YESTERDAY        0                         0      0        0
  MONTH TO DATE    0                         0      0        0
  SINCE MAR 1      0                         1     -1        0
  SINCE JAN 1      0                         1     -1        0
..................................................................


WIND (MPH)
  HIGHEST WIND SPEED    22   HIGHEST WIND DIRECTION     S (160)
  HIGHEST GUST SPEED    27   HIGHEST GUST DIRECTION     S (160)
  AVERAGE WIND SPEED    13.2


SKY COVER
  POSSIBLE SUNSHINE  MM
  AVERAGE SKY COVER 0.0


WEATHER CONDITIONS
 THE FOLLOWING WEATHER WAS RECORDED YESTERDAY.
  NO SIGNIFICANT WEATHER WAS OBSERVED.


RELATIVE HUMIDITY (PERCENT)
 HIGHEST    89           300 AM
 LOWEST     25           300 PM
 AVERAGE    57

..........................................................


THE CHAMPAIGN IL AIRPORT CLIMATE NORMALS FOR TODAY
                         NORMAL    RECORD    YEAR
 MAXIMUM TEMPERATURE (F)   59        MM        MM
 MINIMUM TEMPERATURE (F)   35        MM        MM


SUNRISE AND SUNSET
APRIL  2 2015.........SUNRISE   636 AM CDT   SUNSET   718 PM CDT
APRIL  3 2015.........SUNRISE   634 AM CDT   SUNSET   719 PM CDT


-  INDICATES NEGATIVE NUMBERS.
R  INDICATES RECORD WAS SET OR TIED.
MM INDICATES DATA IS MISSING.
T  INDICATES TRACE AMOUNT.




$$
