000
CDUS43 KILX 250634
CLICMI


CLIMATE REPORT
NATIONAL WEATHER SERVICE LINCOLN IL
133 AM CDT SAT APR 25 2015


...................................

...THE CHAMPAIGN IL AIRPORT CLIMATE SUMMARY FOR APRIL 24 2015...

CLIMATE NORMAL PERIOD 1981 TO 2010
CLIMATE RECORD PERIOD 9999 TO 9999


WEATHER ITEM   OBSERVED TIME   RECORD YEAR NORMAL DEPARTURE LAST
                VALUE   (LST)  VALUE       VALUE  FROM      YEAR
                                                  NORMAL
..................................................................
TEMPERATURE (F)
 YESTERDAY
  MAXIMUM         63    328 PM  MM      MM  67     -4       74
  MINIMUM         32    439 AM  MM      MM  43    -11       47
  AVERAGE         48                        55     -7       61

PRECIPITATION (IN)
  YESTERDAY        T            MM      MM   0.13  -0.13     0.10
  MONTH TO DATE    2.38                      2.90  -0.52     1.85
  SINCE MAR 1      3.48                      5.65  -2.17     3.24
  SINCE JAN 1      5.15                      9.72  -4.57     5.99

DEGREE DAYS
 HEATING
  YESTERDAY       17                        11      6        4
  MONTH TO DATE  243                       353   -110      322
  SINCE MAR 1   1111                      1109      2     1245
  SINCE JUL 1   5987                      5611    376     6326

 COOLING
  YESTERDAY        0                         0      0        0
  MONTH TO DATE    3                         0      3        3
  SINCE MAR 1      3                         1      2        3
  SINCE JAN 1      3                         1      2        3
..................................................................


WIND (MPH)
  HIGHEST WIND SPEED    18   HIGHEST WIND DIRECTION     S (160)
  HIGHEST GUST SPEED    23   HIGHEST GUST DIRECTION    SE (150)
  AVERAGE WIND SPEED     9.7


SKY COVER
  POSSIBLE SUNSHINE  MM
  AVERAGE SKY COVER 0.5


WEATHER CONDITIONS
 THE FOLLOWING WEATHER WAS RECORDED YESTERDAY.
  LIGHT RAIN
  HAZE


RELATIVE HUMIDITY (PERCENT)
 HIGHEST    70           600 AM
 LOWEST     19          1000 AM
 AVERAGE    45

..........................................................


THE CHAMPAIGN IL AIRPORT CLIMATE NORMALS FOR TODAY
                         NORMAL    RECORD    YEAR
 MAXIMUM TEMPERATURE (F)   67        MM        MM
 MINIMUM TEMPERATURE (F)   43        MM        MM


SUNRISE AND SUNSET
APRIL 25 2015.........SUNRISE   601 AM CDT   SUNSET   742 PM CDT
APRIL 26 2015.........SUNRISE   600 AM CDT   SUNSET   743 PM CDT


-  INDICATES NEGATIVE NUMBERS.
R  INDICATES RECORD WAS SET OR TIED.
MM INDICATES DATA IS MISSING.
T  INDICATES TRACE AMOUNT.




$$
