000
CDUS41 KGYX 180816
CLICON


CLIMATE REPORT
NATIONAL WEATHER SERVICE GRAY ME
416 AM EDT SAT APR 18 2015


...................................

...THE CONCORD NH CLIMATE SUMMARY FOR APRIL 17 2015...

CLIMATE NORMAL PERIOD 1981 TO 2010
CLIMATE RECORD PERIOD 1868 TO 2015


WEATHER ITEM   OBSERVED TIME   RECORD YEAR NORMAL DEPARTURE LAST
                VALUE   (LST)  VALUE       VALUE  FROM      YEAR
                                                  NORMAL
..................................................................
TEMPERATURE (F)
 YESTERDAY
  MAXIMUM         67    454 PM  94    2002  58      9       46
  MINIMUM         41   1151 PM  18    2014  33      8       18
                                      1908
  AVERAGE         54                        46      8       32

PRECIPITATION (IN)
  YESTERDAY        0.08          1.65 1954   0.11  -0.03     0.00
  MONTH TO DATE    0.94                      1.95  -1.01     1.84
  SINCE MAR 1      2.42                      5.22  -2.80     5.82
  SINCE JAN 1      8.48                     10.54  -2.06    13.14

SNOWFALL (IN)
  YESTERDAY       MM             3.4  1935   0.1   MM        0.0
  MONTH TO DATE    2.1                       2.3   -0.2      0.2
  SINCE MAR 1      7.9                      13.4   -5.5     10.6
  SINCE JUL 1     92.1                      60.9   31.2     80.4
  SNOW DEPTH       0

DEGREE DAYS
 HEATING
  YESTERDAY       11                        19     -8       33
  MONTH TO DATE  381                       383     -2      365
  SINCE MAR 1   1529                      1370    159     1579
  SINCE JUL 1   6983                      6630    353     7048

 COOLING
  YESTERDAY        0                         0      0        0
  MONTH TO DATE    0                         0      0        0
  SINCE MAR 1      0                         0      0        0
  SINCE JAN 1      0                         0      0        0
..................................................................


WIND (MPH)
  RESULTANT WIND SPEED   5   RESULTANT WIND DIRECTION  SW (240)
  HIGHEST WIND SPEED    16   HIGHEST WIND DIRECTION     S (200)
  HIGHEST GUST SPEED    23   HIGHEST GUST DIRECTION    SW (210)
  AVERAGE WIND SPEED     5.6


SKY COVER
  AVERAGE SKY COVER 0.5


WEATHER CONDITIONS
 THE FOLLOWING WEATHER WAS RECORDED YESTERDAY.
  LIGHT RAIN
  FOG


RELATIVE HUMIDITY (PERCENT)
 HIGHEST    89           900 AM
 LOWEST     38          1200 AM
 AVERAGE    64

..........................................................


THE CONCORD NH CLIMATE NORMALS FOR TODAY
                         NORMAL    RECORD    YEAR
 MAXIMUM TEMPERATURE (F)   59        92      1976
 MINIMUM TEMPERATURE (F)   34        18      1874


SUNRISE AND SUNSET
APRIL 18 2015.........SUNRISE   600 AM EDT   SUNSET   732 PM EDT
APRIL 19 2015.........SUNRISE   558 AM EDT   SUNSET   733 PM EDT


-  INDICATES NEGATIVE NUMBERS.
R  INDICATES RECORD WAS SET OR TIED.
MM INDICATES DATA IS MISSING.
T  INDICATES TRACE AMOUNT.




$$
