000
CDUS46 KLOX 060120
CLICQT


CLIMATE REPORT
NATIONAL WEATHER SERVICE LOS ANGELES/OXNARD CA
620 PM PDT TUE MAY 5 2015


...................................

...THE DOWNTOWN LOS ANGELES (USC) CA CLIMATE SUMMARY FOR MAY 5 2015...
VALID TODAY AS OF 0600 PM LOCAL TIME.

CLIMATE NORMAL PERIOD 1981 TO 2010
CLIMATE RECORD PERIOD 1877 TO 2015


WEATHER ITEM   OBSERVED TIME   RECORD YEAR NORMAL DEPARTURE LAST
                VALUE   (LST)  VALUE       VALUE  FROM      YEAR
                                                  NORMAL
..................................................................
TEMPERATURE (F)
 TODAY
  MAXIMUM         67    131 PM 101    1990  74     -7       72
  MINIMUM         58   1223 AM  46    1920  56      2       57
                                      1905
  AVERAGE         63                        65     -2       65

PRECIPITATION (IN)
  TODAY            0.00          0.90 1921   0.01  -0.01     0.00
  MONTH TO DATE    0.00                      0.07  -0.07     0.00
  SINCE OCT 1      7.53                     14.36  -6.83     5.99
  SINCE JAN 1      2.92                     10.33  -7.41     5.11

SNOWFALL (IN)
  TODAY            0.0
  MONTH TO DATE    0.0
  SINCE MAR 1      0.0
  SINCE JUL 1      0.0

DEGREE DAYS
 HEATING
  TODAY            2                         2      0        0
  MONTH TO DATE    4                        10     -6        0
  SINCE MAR 1     70                       268   -198      115
  SINCE JUL 1    433                      1043   -610      592

 COOLING
  TODAY            0                         2     -2        0
  MONTH TO DATE   12                        10      2       43
  SINCE MAR 1    220                        74    146      129
  SINCE JAN 1    277                        97    180      152
..................................................................


WIND (MPH)
  HIGHEST WIND SPEED     8   HIGHEST WIND DIRECTION     W (270)
  HIGHEST GUST SPEED    13   HIGHEST GUST DIRECTION     W (260)
  AVERAGE WIND SPEED     3.0


SKY COVER
  POSSIBLE SUNSHINE  MM
  AVERAGE SKY COVER 0.9


WEATHER CONDITIONS
 THE FOLLOWING WEATHER WAS RECORDED TODAY.
  NO SIGNIFICANT WEATHER WAS OBSERVED.


RELATIVE HUMIDITY (PERCENT)
 HIGHEST    77          1200 AM
 LOWEST     52           300 PM
 AVERAGE    65

..........................................................


THE DOWNTOWN LOS ANGELES (USC) CA CLIMATE NORMALS FOR TOMORROW
                         NORMAL    RECORD    YEAR
 MAXIMUM TEMPERATURE (F)   74        97      1990
 MINIMUM TEMPERATURE (F)   56        43      1892


SUNRISE AND SUNSET
MAY  5 2015...........SUNRISE   600 AM PDT   SUNSET   740 PM PDT
MAY  6 2015...........SUNRISE   559 AM PDT   SUNSET   741 PM PDT


-  INDICATES NEGATIVE NUMBERS.
R  INDICATES RECORD WAS SET OR TIED.
MM INDICATES DATA IS MISSING.
T  INDICATES TRACE AMOUNT.




$$
