000
CDUS44 KCRP 242312
CLICRP

CLIMATE REPORT
NATIONAL WEATHER SERVICE CORPUS CHRISTI TX
612 PM CDT FRI APR 24 2015

...................................

...THE CORPUS CHRISTI CLIMATE SUMMARY FOR APRIL 24 2015...
VALID TODAY AS OF 612 PM LOCAL TIME.

CLIMATE NORMAL PERIOD 1981 TO 2010
CLIMATE RECORD PERIOD 1887 TO 2015


WEATHER ITEM   OBSERVED TIME   RECORD YEAR NORMAL DEPARTURE LAST
                VALUE   (LST)  VALUE       VALUE  FROM      YEAR
                                                  NORMAL
..................................................................
TEMPERATURE (F)
 TODAY
  MAXIMUM         84   1123 AM  94    1953  83      1       85
  MINIMUM         74    447 AM  49    1983  65      9       71
  AVERAGE         79                        74      5       78

PRECIPITATION (IN)
  TODAY            0.14          1.46 1926   0.06   0.08     0.00
  MONTH TO DATE    6.24                      1.41   4.83     0.45
  SINCE MAR 1     12.37                      3.30   9.07     2.10
  SINCE JAN 1     15.82                      6.77   9.05     3.01

SNOWFALL (IN)
  TODAY            0.0
  MONTH TO DATE    0.0
  SINCE MAR 1      0.0
  SINCE JUL 1      0.0
  SNOW DEPTH       0

DEGREE DAYS
 HEATING
  TODAY            0                         0      0        0
  MONTH TO DATE    0                        15    -15       14
  SINCE MAR 1    116                        96     20      146
  SINCE JUL 1   1053                       896    157     1145

 COOLING
  TODAY           14                         9      5       13
  MONTH TO DATE  231                       178     53      183
  SINCE MAR 1    306                       293     13      267
  SINCE JAN 1    334                       369    -35      344
..................................................................


WIND (MPH)
  HIGHEST WIND SPEED    49   HIGHEST WIND DIRECTION    SE (150)
  HIGHEST GUST SPEED    61   HIGHEST GUST DIRECTION    SE (150)


SKY COVER
  POSSIBLE SUNSHINE  MM
  AVERAGE SKY COVER 0.9


WEATHER CONDITIONS
 THE FOLLOWING WEATHER WAS RECORDED TODAY.
  THUNDERSTORM
  RAIN
  LIGHT RAIN
  FOG


RELATIVE HUMIDITY (PERCENT)
 HIGHEST    94          1200 AM
 LOWEST     74          1100 AM
 AVERAGE    84

..........................................................


THE CORPUS CHRISTI CLIMATE NORMALS FOR TOMORROW
                         NORMAL    RECORD    YEAR
 MAXIMUM TEMPERATURE (F)   83        99      2003
 MINIMUM TEMPERATURE (F)   65        49      1983


SUNRISE AND SUNSET
APRIL 24 2015.........SUNRISE   657 AM CDT   SUNSET   800 PM CDT
APRIL 25 2015.........SUNRISE   656 AM CDT   SUNSET   801 PM CDT


-  INDICATES NEGATIVE NUMBERS.
R  INDICATES RECORD WAS SET OR TIED.
MM INDICATES DATA IS MISSING.
T  INDICATES TRACE AMOUNT.




$$
