000
CDUS44 KOHX 261236 AAA
CLICSV

CLIMATE REPORT
NATIONAL WEATHER SERVICE NASHVILLE TN
736 AM CDT SUN APR 26 2015


.....................................

UPDATED FOR MORNING CLIMATE AT BOTTOM

.....................................


...THE CROSSVILLE CLIMATE SUMMARY FOR APRIL 25 2015...

CLIMATE NORMAL PERIOD 1981 TO 2010
CLIMATE RECORD PERIOD 1954 TO 2015


WEATHER ITEM   OBSERVED TIME   RECORD YEAR NORMAL DEPARTURE
                VALUE   (LST)  VALUE       VALUE  FROM
                                                  NORMAL
...............................................................
TEMPERATURE (F)
 YESTERDAY
  MAXIMUM         77    350 PM  83    2009  69      8
  MINIMUM         52    335 AM  31    1969  48      4
  AVERAGE         65                        58      7

PRECIPITATION (IN)
  YESTERDAY        0.27          1.13 1966   0.17   0.10
  MONTH TO DATE    6.43                      4.03   2.40
  SINCE MAR 1     11.78                      9.01   2.77
  SINCE JAN 1     19.21                     18.23   0.98

DEGREE DAYS
 HEATING
  YESTERDAY        0                               -7
  MONTH TO DATE  144                             -112
  SINCE MAR 1    635                             -177
  SINCE JUL 1   4053                              -55

 COOLING
  YESTERDAY        0                               -1
  MONTH TO DATE   12                                3
  SINCE MAR 1     13                                2
  SINCE JAN 1     13                                2
...............................................................


WIND (MPH)
  HIGHEST WIND SPEED    25   HIGHEST WIND DIRECTION     N (340)
  HIGHEST GUST SPEED    33   HIGHEST GUST DIRECTION    NW (320)
  AVERAGE WIND SPEED     8.1




RELATIVE HUMIDITY (PERCENT)
 HIGHEST    93
 LOWEST     43
 AVERAGE    68

..........................................................


THE CROSSVILLE CLIMATE NORMALS FOR TODAY
                         NORMAL    RECORD    YEAR
 MAXIMUM TEMPERATURE (F)   70        87      1986
 MINIMUM TEMPERATURE (F)   48        32      1972


SUNRISE AND SUNSET
APRIL 26 2015.........SUNRISE   554 AM CDT   SUNSET   723 PM CDT
APRIL 27 2015.........SUNRISE   553 AM CDT   SUNSET   724 PM CDT


-  INDICATES NEGATIVE NUMBERS.
R  INDICATES RECORD WAS SET OR TIED.
MM INDICATES DATA IS MISSING.
T  INDICATES TRACE AMOUNT.

&&

THE LOW TEMPERATURE SINCE MIDNIGHT HAS BEEN 56 DEGREES.
0.01 INCHES OF PRECIPITATION HAVE OCCURRED SINCE MIDNIGHT.

$$
