000
CDUS43 KUNR 200838
CLID07


CLIMATE REPORT
NATIONAL WEATHER SERVICE RAPID CITY SD
237 AM MDT MON APR 20 2015


...................................

...THE FAITH SD CLIMATE SUMMARY FOR APRIL 19 2015...

CLIMATE NORMAL PERIOD 1981 TO 2010
CLIMATE RECORD PERIOD 9999 TO 9999


WEATHER ITEM   OBSERVED TIME   NORMAL DEPARTURE LAST
                VALUE   (LST)  VALUE  FROM      YEAR
                                      NORMAL
......................................................
TEMPERATURE (F)
 YESTERDAY
  MAXIMUM         51    334 PM  59     -8       67
  MINIMUM         28   1159 PM  34     -6       39
  AVERAGE         40            46     -6       53

PRECIPITATION (IN)
  YESTERDAY        0.00          0.05  -0.05     0.00
  MONTH TO DATE    0.42          0.80  -0.38     0.17
  SINCE MAR 1      0.57          1.78  -1.21     1.36
  SINCE JAN 1      1.00          2.40  -1.40     2.26

DEGREE DAYS
 HEATING
  YESTERDAY       25            19      6       12
  MONTH TO DATE  361           429    -68      470
  SINCE MAR 1   1085          1432   -347     1588
  SINCE JUL 1   6584          7120   -536     7674

 COOLING
  YESTERDAY        0             0      0        0
  MONTH TO DATE    0             0      0        0
  SINCE MAR 1      2             0      2        0
  SINCE JAN 1      2             0      2        0
......................................................


WIND (MPH)
  HIGHEST WIND SPEED    38   HIGHEST WIND DIRECTION    NW (320)
  HIGHEST GUST SPEED    46   HIGHEST GUST DIRECTION    NW (320)
  AVERAGE WIND SPEED    22.2




RELATIVE HUMIDITY (PERCENT)
 HIGHEST    92          1200 AM
 LOWEST     36           400 PM
 AVERAGE    64

..........................................................




SUNRISE AND SUNSET
APRIL 20 2015.........SUNRISE   555 AM MDT   SUNSET   740 PM MDT
APRIL 21 2015.........SUNRISE   553 AM MDT   SUNSET   741 PM MDT


-  INDICATES NEGATIVE NUMBERS.
R  INDICATES RECORD WAS SET OR TIED.
MM INDICATES DATA IS MISSING.
T  INDICATES TRACE AMOUNT.




$$
