000
CDUS43 KDVN 012137
CLIDBQ


CLIMATE REPORT
NATIONAL WEATHER SERVICE QUAD CITIES IA IL
435 PM CDT WED APR 1 2015


...................................

...THE DUBUQUE IA CLIMATE SUMMARY FOR APRIL 1 2015...
VALID TODAY AS OF 0400 PM LOCAL TIME.

CLIMATE NORMAL PERIOD 1981 TO 2010
CLIMATE RECORD PERIOD 1873 TO 2015


WEATHER ITEM   OBSERVED TIME   RECORD YEAR NORMAL DEPARTURE LAST
                VALUE   (LST)  VALUE       VALUE  FROM      YEAR
                                                  NORMAL
..................................................................
TEMPERATURE (F)
 TODAY
  MAXIMUM         78    258 PM  82    1946  52     26       44
  MINIMUM         38   1233 AM  17    1954  33      5       23
                                      1899
  AVERAGE         58                        42     16       34

PRECIPITATION (IN)
  TODAY            0.00          1.72 1959   0.10  -0.10     0.00
  MONTH TO DATE    0.00                      0.10  -0.10     0.00
  SINCE MAR 1      0.80                      2.51  -1.71     1.14
  SINCE JAN 1      3.09                      5.12  -2.03     3.62

SNOWFALL (IN)
  TODAY            0.0          MM      MM   0.1   -0.1      0.0
  MONTH TO DATE    0.0                       0.1   -0.1      0.0
  SINCE MAR 1      4.1                       6.4   -2.3     10.9
  SINCE JUL 1     33.7                      40.0   -6.3     62.6
  SNOW DEPTH       0

DEGREE DAYS
 HEATING
  TODAY            7                        23    -16       31
  MONTH TO DATE    7                        23    -16       31
  SINCE MAR 1    919                       941    -22     1190
  SINCE JUL 1   6767                      6334    433     7566

 COOLING
  TODAY            0                         0      0        0
  MONTH TO DATE    0                         0      0        0
  SINCE MAR 1      0                         0      0        0
  SINCE JAN 1      0                         0      0        0
..................................................................


WIND (MPH)
  HIGHEST WIND SPEED    30   HIGHEST WIND DIRECTION     S (190)
  HIGHEST GUST SPEED    37   HIGHEST GUST DIRECTION     S (190)
  AVERAGE WIND SPEED    11.9


SKY COVER
  POSSIBLE SUNSHINE  MM
  AVERAGE SKY COVER 0.0


WEATHER CONDITIONS
 THE FOLLOWING WEATHER WAS RECORDED TODAY.
  NO SIGNIFICANT WEATHER WAS OBSERVED.


RELATIVE HUMIDITY (PERCENT)
 HIGHEST    70          1200 AM
 LOWEST     19           300 PM
 AVERAGE    45

..........................................................


THE DUBUQUE IA CLIMATE NORMALS FOR TOMORROW
                         NORMAL    RECORD    YEAR
 MAXIMUM TEMPERATURE (F)   53        81      1981
 MINIMUM TEMPERATURE (F)   33        14      1886


SUNRISE AND SUNSET
APRIL  1 2015.........SUNRISE   646 AM CDT   SUNSET   728 PM CDT
APRIL  2 2015.........SUNRISE   644 AM CDT   SUNSET   730 PM CDT


-  INDICATES NEGATIVE NUMBERS.
R  INDICATES RECORD WAS SET OR TIED.
MM INDICATES DATA IS MISSING.
T  INDICATES TRACE AMOUNT.




$$
