000
CDUS45 KBOU 040758
CLIDEN


CLIMATE REPORT
NATIONAL WEATHER SERVICE DENVER CO
157 AM MDT MON MAY 4 2015


...................................

...THE DENVER CO CLIMATE SUMMARY FOR MAY 3 2015...

CLIMATE NORMAL PERIOD 1981 TO 2010
CLIMATE RECORD PERIOD 1872 TO 2015


WEATHER ITEM   OBSERVED TIME   RECORD YEAR NORMAL DEPARTURE LAST
                VALUE   (LST)  VALUE       VALUE  FROM      YEAR
                                                  NORMAL
..................................................................
TEMPERATURE (F)
 YESTERDAY
  MAXIMUM         74   1108 AM  86    1949  67      7       80
  MINIMUM         49    857 PM  19    1907  38     11       48
  AVERAGE         62                        52     10       64

PRECIPITATION (IN)
  YESTERDAY        0.01          1.26 1938   0.08  -0.07     0.00
  MONTH TO DATE    0.03                      0.21  -0.18     0.00
  SINCE MAR 1      3.47                      2.84   0.63     2.07
  SINCE JAN 1      5.10                      3.62   1.48     3.20

SNOWFALL (IN)
  YESTERDAY        0.0
  MONTH TO DATE      0
  SINCE MAR 1      8.2
  SINCE JUL 1     53.8
  SNOW DEPTH       0


DEGREE DAYS
 HEATING
  YESTERDAY        3                        13    -10        1
  MONTH TO DATE   15                        39    -24       25
  SINCE MAR 1   1107                      1331   -224     1236
  SINCE JUL 1   5220                      5770   -550     5755

 COOLING
  YESTERDAY        0                         0      0        0
  MONTH TO DATE    0                         0      0        0
  SINCE MAR 1      0                         1     -1        0
  SINCE JAN 1      0                         1     -1        0
..................................................................


WIND (MPH)
  HIGHEST WIND SPEED    28   HIGHEST WIND DIRECTION     N (340)
  HIGHEST GUST SPEED    34   HIGHEST GUST DIRECTION     N (10)
  AVERAGE WIND SPEED    11.7


SKY COVER **
  POSSIBLE SUNSHINE  MM
  AVERAGE SKY COVER 0.8


WEATHER CONDITIONS
 THE FOLLOWING WEATHER WAS RECORDED YESTERDAY.
  THUNDERSTORM
  LIGHT RAIN


RELATIVE HUMIDITY (PERCENT)
 HIGHEST    77           700 PM
 LOWEST     22          1000 AM
 AVERAGE    50

..........................................................


THE DENVER CO CLIMATE NORMALS FOR TODAY
                         NORMAL    RECORD    YEAR
 MAXIMUM TEMPERATURE (F)   67        88      2012
 MINIMUM TEMPERATURE (F)   39        27      1964


SUNRISE AND SUNSET
MAY  4 2015...........SUNRISE   556 AM MST   SUNSET   755 PM MST
MAY  5 2015...........SUNRISE   555 AM MST   SUNSET   756 PM MST


-  INDICATES NEGATIVE NUMBERS.
R  INDICATES RECORD WAS SET OR TIED.
MM INDICATES DATA IS MISSING.
T  INDICATES TRACE AMOUNT.

&&

** SUNSHINE DATA WILL NO LONGER BE AVAILABLE EFFECTIVE OCTOBER 1ST 2009.




$$
