000
CDUS43 KBIS 190027
CLIDIK


CLIMATE REPORT
NATIONAL WEATHER SERVICE BISMARCK ND
727 PM CDT SAT APR 18 2015


...................................

...THE DICKINSON ND CLIMATE SUMMARY FOR APRIL 18 2015...
VALID TODAY AS OF 0700 PM LOCAL TIME.

CLIMATE NORMAL PERIOD 1981 TO 2010
CLIMATE RECORD PERIOD 1903 TO 2015


WEATHER ITEM   OBSERVED TIME   RECORD YEAR NORMAL DEPARTURE LAST
                VALUE   (LST)  VALUE       VALUE  FROM      YEAR
                                                  NORMAL
..................................................................
TEMPERATURE (F)
 TODAY
  MAXIMUM         69        MM  89    1987  57     12       64
  MINIMUM         33        MM  11    2013  30      3       30
  AVERAGE         51                        43      8       47

PRECIPITATION (IN)
  TODAY            0.12          0.98 2006   0.05   0.07      T
  MONTH TO DATE    0.52                      0.77  -0.25     0.04
  SINCE MAR 1      0.99                      1.46  -0.47     0.54
  SINCE JAN 1      1.26                      2.09  -0.83     0.71

DEGREE DAYS
 HEATING
  TODAY           14                        22     -8       18
  MONTH TO DATE  383                       451    -68      556
  SINCE MAR 1   1211                      1537   -326     1752
  SINCE JUL 1   7326                      7831   -505     8394

 COOLING
  TODAY            0                         0      0        0
  MONTH TO DATE    0                         0      0        0
  SINCE MAR 1      0                         0      0        0
  SINCE JAN 1      0                         0      0        0
..................................................................


WIND (MPH)
  RESULTANT WIND SPEED   6   RESULTANT WIND DIRECTION   S (190)
  HIGHEST WIND SPEED    20   HIGHEST WIND DIRECTION     W (270)
  HIGHEST GUST SPEED    35   HIGHEST GUST DIRECTION     W (270)
  AVERAGE WIND SPEED     9.5


SKY COVER
  POSSIBLE SUNSHINE  MM
  AVERAGE SKY COVER 0.2


WEATHER CONDITIONS
 THE FOLLOWING WEATHER WAS RECORDED TODAY.
  THUNDERSTORM
  HEAVY RAIN
  RAIN
  LIGHT RAIN
  FOG


RELATIVE HUMIDITY (PERCENT)
 HIGHEST    83           500 PM
 LOWEST     28          1000 AM
 AVERAGE    56

..........................................................


THE DICKINSON ND CLIMATE NORMALS FOR TOMORROW
                         NORMAL    RECORD    YEAR
 MAXIMUM TEMPERATURE (F)   57        88      1926
 MINIMUM TEMPERATURE (F)   30         9      2002


SUNRISE AND SUNSET
APRIL 18 2015.........SUNRISE   559 AM MDT   SUNSET   743 PM MDT
APRIL 19 2015.........SUNRISE   557 AM MDT   SUNSET   745 PM MDT


-  INDICATES NEGATIVE NUMBERS.
R  INDICATES RECORD WAS SET OR TIED.
MM INDICATES DATA IS MISSING.
T  INDICATES TRACE AMOUNT.




$$
