000
CDUS41 KLWX 060528
CLIDMH


CLIMATE REPORT
NATIONAL WEATHER SERVICE BALTIMORE MD/WASHINGTON DC
127 AM EDT WED MAY 6 2015


...................................

...THE BALTIMORE INNER HARBOR MD CLIMATE SUMMARY FOR MAY 5 2015...

CLIMATE NORMAL PERIOD 1981 TO 2010
CLIMATE RECORD PERIOD 9999 TO 9999


WEATHER ITEM   OBSERVED TIME   RECORD YEAR NORMAL DEPARTURE LAST
                VALUE   (LST)  VALUE       VALUE  FROM      YEAR
                                                  NORMAL
..................................................................
TEMPERATURE (F)
 YESTERDAY
  MAXIMUM         85    155 PM  MM      MM  72     13       69
  MINIMUM         66    532 AM  MM      MM  53     13       49
  AVERAGE         76                        63     13       59

PRECIPITATION (IN)
  YESTERDAY        0.00         MM      MM   0.10  -0.10     0.00
  MONTH TO DATE    0.00                      0.52  -0.52     0.22
  SINCE MAR 1      7.39                      7.60  -0.21    13.72
  SINCE JAN 1     13.21                     13.12   0.09    20.05

DEGREE DAYS
 HEATING
  YESTERDAY        0                         4     -4        6
  MONTH TO DATE   12                        22    -10        8
  SINCE MAR 1    846                       879    -33     1027
  SINCE JUL 1   4360                      3967    393     4097

 COOLING
  YESTERDAY       11                         2      9        0
  MONTH TO DATE   23                         9     14        4
  SINCE MAR 1     32                        34     -2       18
  SINCE JAN 1     32                        34     -2       18
..................................................................


WIND (MPH)
  HIGHEST WIND SPEED    MM   HIGHEST WIND DIRECTION    MM
  HIGHEST GUST SPEED    MM   HIGHEST GUST DIRECTION    MM
  AVERAGE WIND SPEED    MM


SKY COVER
  POSSIBLE SUNSHINE  MM



RELATIVE HUMIDITY (PERCENT)
 HIGHEST    78          1000 PM
 LOWEST     37           200 PM
 AVERAGE    58

..........................................................


THE BALTIMORE INNER HARBOR MD CLIMATE NORMALS FOR TODAY
                         NORMAL
 MAXIMUM TEMPERATURE (F)   72
 MINIMUM TEMPERATURE (F)   54


SUNRISE AND SUNSET
MAY  6 2015...........SUNRISE   602 AM EDT   SUNSET   804 PM EDT
MAY  7 2015...........SUNRISE   601 AM EDT   SUNSET   805 PM EDT


-  INDICATES NEGATIVE NUMBERS.
R  INDICATES RECORD WAS SET OR TIED.
MM INDICATES DATA IS MISSING.
T  INDICATES TRACE AMOUNT.




$$
