000
CDUS43 KDVN 190923
CLIDVN


CLIMATE REPORT
NATIONAL WEATHER SERVICE QUAD CITIES IA IL
423 AM CDT SUN APR 19 2015


...................................

...THE DAVENPORT IA CLIMATE SUMMARY FOR APRIL 18 2015...

CLIMATE NORMAL PERIOD 1981 TO 2010
CLIMATE RECORD PERIOD 9999 TO 9999


WEATHER ITEM   OBSERVED TIME   RECORD YEAR NORMAL DEPARTURE LAST
                VALUE   (LST)  VALUE       VALUE  FROM      YEAR
                                                  NORMAL
..................................................................
TEMPERATURE (F)
 YESTERDAY
  MAXIMUM         80   1236 PM  MM      MM  63     17       63
  MINIMUM         51    458 AM  MM      MM  40     11       26
  AVERAGE         66                        51     15       45

PRECIPITATION (IN)
  YESTERDAY        T            MM      MM   0.12  -0.12     0.00
  MONTH TO DATE    0.72                      1.85  -1.13     1.56
  SINCE MAR 1      1.58                      4.37  -2.79     2.08
  SINCE JAN 1      4.15                      6.90  -2.75     4.87

SNOWFALL (IN)
  YESTERDAY        0.0          MM      MM  MM     MM        0.0
  MONTH TO DATE    T                        MM     MM         T
  SINCE MAR 1      0.3                      MM     MM        7.4
  SINCE JUL 1     32.5                      MM     MM       50.2
  SNOW DEPTH       0

DEGREE DAYS
 HEATING
  YESTERDAY        0                        14    -14       20
  MONTH TO DATE  214                       304    -90      345
  SINCE MAR 1   1095                      1137    -42     1382
  SINCE JUL 1   6591                      6162    429     7245

 COOLING
  YESTERDAY        1                         0      1        0
  MONTH TO DATE    1                         0      1        3
  SINCE MAR 1      1                         0      1        3
  SINCE JAN 1      1                         0      1        3
..................................................................


WIND (MPH)
  HIGHEST WIND SPEED    25   HIGHEST WIND DIRECTION     E (90)
  HIGHEST GUST SPEED    30   HIGHEST GUST DIRECTION     E (70)
  AVERAGE WIND SPEED    10.9


SKY COVER
  POSSIBLE SUNSHINE  MM
  AVERAGE SKY COVER 0.1


WEATHER CONDITIONS
 THE FOLLOWING WEATHER WAS RECORDED YESTERDAY.
  LIGHT RAIN
  HAZE


RELATIVE HUMIDITY (PERCENT)
 HIGHEST    77           200 AM
 LOWEST     39           100 PM
 AVERAGE    58

..........................................................


THE DAVENPORT IA CLIMATE NORMALS FOR TODAY
                         NORMAL    RECORD    YEAR
 MAXIMUM TEMPERATURE (F)   63        MM        MM
 MINIMUM TEMPERATURE (F)   40        MM        MM


SUNRISE AND SUNSET
APRIL 19 2015.........SUNRISE   617 AM CDT   SUNSET   747 PM CDT
APRIL 20 2015.........SUNRISE   615 AM CDT   SUNSET   748 PM CDT


-  INDICATES NEGATIVE NUMBERS.
R  INDICATES RECORD WAS SET OR TIED.
MM INDICATES DATA IS MISSING.
T  INDICATES TRACE AMOUNT.




$$
