000
CDUS44 KBMX 190046
CLIEET


CLIMATE REPORT
NATIONAL WEATHER SERVICE BIRMINGHAM, AL
746 PM CDT SAT APR 18 2015


...................................

...THE SHELBY COUNTY AIRPORT CLIMATE SUMMARY FOR APRIL 18 2015...
VALID TODAY AS OF 0700 PM LOCAL TIME.

CLIMATE NORMAL PERIOD 1981 TO 2010
CLIMATE RECORD PERIOD 9999 TO 9999


WEATHER ITEM   OBSERVED TIME   RECORD YEAR NORMAL DEPARTURE LAST
                VALUE   (LST)  VALUE       VALUE  FROM      YEAR
                                                  NORMAL
..................................................................
TEMPERATURE (F)
 TODAY
  MAXIMUM         73    447 PM  MM      MM  75     -2       60
  MINIMUM         62   1255 AM  MM      MM  51     11       52
  AVERAGE         68                        63      5       56

PRECIPITATION (IN)
  TODAY            T                         0.13  -0.13     1.13
  MONTH TO DATE    4.18                      2.37   1.81     7.58
  SINCE MAR 1      7.99                      6.85   1.14    14.48
  SINCE JAN 1     17.36                     17.93  -0.57    23.01

SNOWFALL (IN)
  TODAY            0.0                      MM     MM        0.0
  MONTH TO DATE    0.0                      MM     MM        0.0
  SINCE MAR 1      T                        MM     MM        0.0
  SINCE JUL 1      T                        MM     MM        1.3
  SNOW DEPTH       0

DEGREE DAYS
 HEATING
  TODAY            0                         4     -4        9
  MONTH TO DATE   13                        96    -83       87
  SINCE MAR 1    221                       405   -184      430
  SINCE JUL 1   2466                      2534    -68     2709

 COOLING
  TODAY            3                         2      1        0
  MONTH TO DATE   73                        27     46       18
  SINCE MAR 1     89                        40     49       18
  SINCE JAN 1     89                        44     45       22
..................................................................


WIND (MPH)
  HIGHEST WIND SPEED     9   HIGHEST WIND DIRECTION     S (160)
  HIGHEST GUST SPEED    12   HIGHEST GUST DIRECTION     S (160)
  AVERAGE WIND SPEED     2.2


SKY COVER
  POSSIBLE SUNSHINE  MM
  AVERAGE SKY COVER 0.9


WEATHER CONDITIONS
 THE FOLLOWING WEATHER WAS RECORDED TODAY.
  LIGHT RAIN
  FOG


RELATIVE HUMIDITY (PERCENT)
 HIGHEST    93          1200 AM
 LOWEST     73           200 PM
 AVERAGE    83

..........................................................


THE SHELBY COUNTY AIRPORT CLIMATE NORMALS FOR TOMORROW
                         NORMAL    RECORD    YEAR
 MAXIMUM TEMPERATURE (F)   75        MM        MM
 MINIMUM TEMPERATURE (F)   52        MM        MM


SUNRISE AND SUNSET
APRIL 18 2015.........SUNRISE   614 AM CDT   SUNSET   720 PM CDT
APRIL 19 2015.........SUNRISE   613 AM CDT   SUNSET   720 PM CDT


-  INDICATES NEGATIVE NUMBERS.
R  INDICATES RECORD WAS SET OR TIED.
MM INDICATES DATA IS MISSING.
T  INDICATES TRACE AMOUNT.




$$
