000
CDUS44 KSHV 050731
CLIELD


CLIMATE REPORT
NATIONAL WEATHER SERVICE SHREVEPORT, LA
231 AM CDT TUE MAY 5 2015


...................................

...THE EL DORADO CLIMATE SUMMARY FOR MAY 4 2015...

CLIMATE NORMAL PERIOD 1981 TO 2010
CLIMATE RECORD PERIOD 1907 TO 2015


WEATHER ITEM   OBSERVED TIME   RECORD YEAR NORMAL DEPARTURE LAST
                VALUE   (LST)  VALUE       VALUE  FROM      YEAR
                                                  NORMAL
..................................................................
TEMPERATURE (F)
 YESTERDAY
  MAXIMUM         83    420 PM  94    1952  80      3       89
  MINIMUM         58    547 AM  36    2013  57      1       50
  AVERAGE         71                        68      3       70

PRECIPITATION (IN)
  YESTERDAY        0.00          2.34 1953   0.18  -0.18     0.00
  MONTH TO DATE    0.00                      0.65  -0.65     0.00
  SINCE DEC 1     19.40                     23.76  -4.36    20.77
  SINCE JAN 1     16.07                     18.58  -2.51    14.21

SNOWFALL (IN)
  YESTERDAY        0.0
  MONTH TO DATE    0.0
  SINCE MAR 1      0.7
  SINCE JUL 1      0.7
  SNOW DEPTH       0

DEGREE DAYS
 HEATING
  YESTERDAY        0                         1     -1        0
  MONTH TO DATE    0                         5     -5       16
  SINCE MAR 1    427                       431     -4      619
  SINCE JUL 1   2913                      2659    254     3226

 COOLING
  YESTERDAY        6                         4      2        5
  MONTH TO DATE   10                        16     -6        5
  SINCE MAR 1    111                       109      2       62
  SINCE JAN 1    111                       115     -4       62
..................................................................


WIND (MPH)
  HIGHEST WIND SPEED    15   HIGHEST WIND DIRECTION    SE (130)
  HIGHEST GUST SPEED    22   HIGHEST GUST DIRECTION    SE (130)
  AVERAGE WIND SPEED     4.4


SKY COVER
  POSSIBLE SUNSHINE  MM
  AVERAGE SKY COVER 0.3


WEATHER CONDITIONS
 THE FOLLOWING WEATHER WAS RECORDED YESTERDAY.
  FOG


RELATIVE HUMIDITY (PERCENT)
 HIGHEST    93           600 AM
 LOWEST     39           500 PM
 AVERAGE    66

..........................................................


THE EL DORADO CLIMATE NORMALS FOR TODAY
                         NORMAL    RECORD    YEAR
 MAXIMUM TEMPERATURE (F)   80        92      1943
 MINIMUM TEMPERATURE (F)   57        37      2013


SUNRISE AND SUNSET
MAY  5 2015...........SUNRISE   620 AM CDT   SUNSET   757 PM CDT
MAY  6 2015...........SUNRISE   619 AM CDT   SUNSET   757 PM CDT


-  INDICATES NEGATIVE NUMBERS.
R  INDICATES RECORD WAS SET OR TIED.
MM INDICATES DATA IS MISSING.
T  INDICATES TRACE AMOUNT.




$$
